CRAN Package Check Results for Package fhircrackr

Last updated on 2024-02-22 21:51:40 CET.

Flavor Version Tinstall Tcheck Ttotal Status Flags
r-devel-linux-x86_64-debian-clang 2.1.1 NOTE
r-devel-linux-x86_64-debian-gcc 2.1.1 7.94 63.56 71.50 NOTE
r-devel-linux-x86_64-fedora-clang 2.1.1 121.51 OK
r-devel-linux-x86_64-fedora-gcc 2.1.1 124.92 OK
r-devel-windows-x86_64 2.1.1 10.00 93.00 103.00 OK
r-patched-linux-x86_64 2.1.1 13.94 82.33 96.27 OK
r-release-linux-x86_64 2.1.1 9.74 80.35 90.09 OK
r-release-macos-arm64 2.1.1 48.00 OK
r-release-macos-x86_64 2.1.1 67.00 OK
r-release-windows-x86_64 2.1.1 13.00 105.00 118.00 OK
r-oldrel-macos-arm64 2.1.1 38.00 OK
r-oldrel-windows-x86_64 2.1.1 17.00 101.00 118.00 OK

Check Details

Version: 2.1.1
Check: Rd files
Result: NOTE checkRd: (-1) fhir_cast.Rd:28: Lost braces; missing escapes or markup? 28 | with {.} as a separator, e.g. \code{code.coding.system}. These names are produced automatically by \code{\link[=fhir_crack]{fhir_crack()}} | ^ Flavors: r-devel-linux-x86_64-debian-clang, r-devel-linux-x86_64-debian-gcc