Last updated on 2023-09-30 22:59:07 CEST.
Flavor | Version | Tinstall | Tcheck | Ttotal | Status | Flags |
---|---|---|---|---|---|---|
r-devel-linux-x86_64-debian-clang | 1.0.0 | 12.16 | 219.76 | 231.92 | OK | |
r-devel-linux-x86_64-debian-gcc | 1.0.0 | 9.73 | 163.17 | 172.90 | OK | |
r-devel-linux-x86_64-fedora-clang | 1.0.0 | 284.00 | NOTE | |||
r-devel-linux-x86_64-fedora-gcc | 1.0.0 | 288.85 | NOTE | |||
r-devel-windows-x86_64 | 1.0.0 | 12.00 | 278.00 | 290.00 | OK | |
r-patched-linux-x86_64 | 1.0.0 | 10.91 | 210.76 | 221.67 | OK | |
r-release-linux-x86_64 | 1.0.0 | 11.07 | 209.17 | 220.24 | OK | |
r-release-macos-arm64 | 1.0.0 | 103.00 | OK | |||
r-release-macos-x86_64 | 1.0.0 | 152.00 | OK | |||
r-release-windows-x86_64 | 1.0.0 | 16.00 | 287.00 | 303.00 | OK | |
r-oldrel-macos-arm64 | 1.0.0 | 83.00 | NOTE | |||
r-oldrel-macos-x86_64 | 1.0.0 | 139.00 | NOTE | |||
r-oldrel-windows-x86_64 | 1.0.0 | 16.00 | 284.00 | 300.00 | OK |
Version: 1.0.0
Check: dependencies in R code
Result: NOTE
Namespace in Imports field not imported from: ‘numDeriv’
All declared Imports should be used.
Flavors: r-devel-linux-x86_64-fedora-clang, r-devel-linux-x86_64-fedora-gcc, r-oldrel-macos-arm64, r-oldrel-macos-x86_64