CRAN Package Check Results for Package file2meco

Last updated on 2024-02-28 22:59:18 CET.

Flavor Version Tinstall Tcheck Ttotal Status Flags
r-devel-linux-x86_64-debian-clang 0.7.0 11.69 115.50 127.19 OK
r-devel-linux-x86_64-debian-gcc 0.7.0 10.71 86.90 97.61 OK
r-devel-linux-x86_64-fedora-clang 0.7.0 162.92 OK
r-devel-linux-x86_64-fedora-gcc 0.7.0 149.08 OK
r-devel-windows-x86_64 0.7.0 13.00 98.00 111.00 OK
r-patched-linux-x86_64 0.7.0 9.31 113.64 122.95 OK
r-release-linux-x86_64 0.7.0 11.51 112.70 124.21 OK
r-release-macos-arm64 0.7.0 10.00 ERROR
r-release-macos-x86_64 0.7.0 8.00 ERROR
r-release-windows-x86_64 0.7.0 17.00 118.00 135.00 OK
r-oldrel-macos-arm64 0.7.0 49.00 OK
r-oldrel-windows-x86_64 0.7.0 18.00 120.00 138.00 OK

Check Details

Version: 0.7.0
Check: package dependencies
Result: ERROR Package required but not available: ‘rhdf5’ Package suggested but not available for checking: ‘phyloseq’ See section ‘The DESCRIPTION file’ in the ‘Writing R Extensions’ manual. Flavors: r-release-macos-arm64, r-release-macos-x86_64