Last updated on 2023-06-07 22:02:42 CEST.
Flavor | Version | Tinstall | Tcheck | Ttotal | Status | Flags |
---|---|---|---|---|---|---|
r-devel-linux-x86_64-debian-clang | 0.6.0 | 13.06 | 118.18 | 131.24 | OK | |
r-devel-linux-x86_64-debian-gcc | 0.6.0 | 12.27 | 90.39 | 102.66 | OK | |
r-devel-linux-x86_64-fedora-clang | 0.6.0 | 163.65 | OK | |||
r-devel-linux-x86_64-fedora-gcc | 0.6.0 | 154.88 | OK | |||
r-devel-windows-x86_64 | 0.6.0 | 15.00 | 96.00 | 111.00 | OK | |
r-patched-linux-x86_64 | 0.6.0 | 12.97 | 111.73 | 124.70 | OK | |
r-release-linux-x86_64 | 0.6.0 | 14.83 | 112.42 | 127.25 | OK | |
r-release-macos-arm64 | 0.6.0 | 9.00 | ERROR | |||
r-release-macos-x86_64 | 0.5.0 | 6.00 | ERROR | |||
r-release-windows-x86_64 | 0.6.0 | 17.00 | 119.00 | 136.00 | OK | |
r-oldrel-macos-arm64 | 0.6.0 | 45.00 | OK | |||
r-oldrel-macos-x86_64 | 0.6.0 | 68.00 | OK | |||
r-oldrel-windows-x86_64 | 0.6.0 | 19.00 | 121.00 | 140.00 | OK |
Version: 0.6.0
Check: package dependencies
Result: ERROR
Package required but not available: ‘rhdf5’
Package suggested but not available for checking: ‘phyloseq’
See section ‘The DESCRIPTION file’ in the ‘Writing R Extensions’
manual.
Flavor: r-release-macos-arm64
Version: 0.5.0
Check: package dependencies
Result: ERROR
Package required but not available: ‘rhdf5’
Package suggested but not available for checking: ‘phyloseq’
See section ‘The DESCRIPTION file’ in the ‘Writing R Extensions’
manual.
Flavor: r-release-macos-x86_64