Last updated on 2024-04-18 22:52:40 CEST.
Flavor | Version | Tinstall | Tcheck | Ttotal | Status | Flags |
---|---|---|---|---|---|---|
r-devel-linux-x86_64-debian-clang | 1.0.7 | 17.19 | 484.63 | 501.82 | OK | |
r-devel-linux-x86_64-debian-gcc | 1.0.7 | 14.92 | 356.22 | 371.14 | OK | |
r-devel-linux-x86_64-fedora-clang | 1.0.7 | 613.69 | NOTE | |||
r-devel-linux-x86_64-fedora-gcc | 1.0.7 | 608.45 | NOTE | |||
r-prerel-macos-arm64 | 1.0.7 | 200.00 | NOTE | |||
r-prerel-windows-x86_64 | 1.0.7 | 17.00 | 378.00 | 395.00 | NOTE | |
r-patched-linux-x86_64 | 1.0.7 | 24.37 | 462.45 | 486.82 | OK | |
r-release-linux-x86_64 | 1.0.7 | 13.01 | 461.32 | 474.33 | OK | |
r-release-macos-arm64 | 1.0.7 | 162.00 | NOTE | |||
r-release-macos-x86_64 | 1.0.7 | 254.00 | NOTE | |||
r-release-windows-x86_64 | 1.0.7 | 24.00 | 465.00 | 489.00 | NOTE | |
r-oldrel-macos-arm64 | 1.0.7 | 148.00 | NOTE | |||
r-oldrel-windows-x86_64 | 1.0.7 | 24.00 | 452.00 | 476.00 | NOTE |
Version: 1.0.7
Check: installed package size
Result: NOTE
installed size is 5.6Mb
sub-directories of 1Mb or more:
doc 5.0Mb
Flavors: r-devel-linux-x86_64-fedora-clang, r-prerel-macos-arm64, r-prerel-windows-x86_64, r-release-macos-arm64, r-release-macos-x86_64, r-release-windows-x86_64, r-oldrel-macos-arm64, r-oldrel-windows-x86_64
Version: 1.0.7
Check: dependencies in R code
Result: NOTE
Namespace in Imports field not imported from: ‘tidyselect’
All declared Imports should be used.
Flavors: r-devel-linux-x86_64-fedora-clang, r-devel-linux-x86_64-fedora-gcc