CRAN Package Check Results for Package findR

Last updated on 2023-02-07 23:07:47 CET.

Flavor Version Tinstall Tcheck Ttotal Status Flags
r-devel-linux-x86_64-debian-clang 0.2.1 3.05 23.31 26.36 NOTE
r-devel-linux-x86_64-debian-gcc 0.2.1 1.96 18.36 20.32 NOTE
r-devel-linux-x86_64-fedora-clang 0.2.1 34.86 NOTE
r-devel-linux-x86_64-fedora-gcc 0.2.1 33.43 NOTE
r-devel-windows-x86_64 0.2.1 15.00 50.00 65.00 NOTE
r-patched-linux-x86_64 0.2.1 1.79 23.66 25.45 NOTE
r-release-linux-x86_64 0.2.1 2.42 22.81 25.23 NOTE
r-release-macos-arm64 0.2.1 15.00 NOTE
r-release-macos-x86_64 0.2.1 21.00 NOTE
r-release-windows-x86_64 0.2.1 13.00 53.00 66.00 NOTE
r-oldrel-macos-arm64 0.2.1 19.00 NOTE
r-oldrel-macos-x86_64 0.2.1 26.00 NOTE
r-oldrel-windows-ix86+x86_64 0.2.1 6.00 46.00 52.00 NOTE

Check Details

Version: 0.2.1
Check: LazyData
Result: NOTE
     'LazyData' is specified without a 'data' directory
Flavors: r-devel-linux-x86_64-debian-clang, r-devel-linux-x86_64-debian-gcc, r-devel-linux-x86_64-fedora-clang, r-devel-linux-x86_64-fedora-gcc, r-devel-windows-x86_64, r-patched-linux-x86_64, r-release-linux-x86_64, r-release-macos-arm64, r-release-macos-x86_64, r-release-windows-x86_64, r-oldrel-macos-arm64, r-oldrel-macos-x86_64, r-oldrel-windows-ix86+x86_64