Last updated on 2021-04-12 22:51:01 CEST.
Flavor | Version | Tinstall | Tcheck | Ttotal | Status | Flags |
---|---|---|---|---|---|---|
r-devel-linux-x86_64-debian-clang | 1.0.0 | 6.68 | 65.35 | 72.03 | NOTE | |
r-devel-linux-x86_64-debian-gcc | 1.0.0 | 5.67 | 50.39 | 56.06 | NOTE | |
r-devel-linux-x86_64-fedora-clang | 1.0.0 | 94.98 | NOTE | |||
r-devel-linux-x86_64-fedora-gcc | 1.0.0 | 84.94 | NOTE | |||
r-devel-windows-ix86+x86_64 | 1.0.0 | 14.00 | 90.00 | 104.00 | NOTE | |
r-devel-windows-x86_64-gcc10-UCRT | 1.0.0 | NOTE | ||||
r-patched-linux-x86_64 | 1.0.0 | 5.86 | 62.24 | 68.10 | OK | |
r-patched-solaris-x86 | 1.0.0 | 124.20 | OK | |||
r-release-linux-x86_64 | 1.0.0 | 4.78 | 62.56 | 67.34 | OK | |
r-release-macos-x86_64 | 1.0.0 | OK | ||||
r-release-windows-ix86+x86_64 | 1.0.0 | 16.00 | 95.00 | 111.00 | OK | |
r-oldrel-macos-x86_64 | 1.0.0 | OK | ||||
r-oldrel-windows-ix86+x86_64 | 1.0.0 | 8.00 | 70.00 | 78.00 | OK |
Version: 1.0.0
Check: LazyData
Result: NOTE
'LazyData' is specified without a 'data' directory
Flavors: r-devel-linux-x86_64-debian-clang, r-devel-linux-x86_64-debian-gcc, r-devel-linux-x86_64-fedora-clang, r-devel-linux-x86_64-fedora-gcc, r-devel-windows-ix86+x86_64, r-devel-windows-x86_64-gcc10-UCRT