Last updated on 2024-03-28 23:01:44 CET.
Flavor | Version | Tinstall | Tcheck | Ttotal | Status | Flags |
---|---|---|---|---|---|---|
r-devel-linux-x86_64-debian-clang | 0.11.2 | 154.71 | 312.20 | 466.91 | OK | |
r-devel-linux-x86_64-debian-gcc | 0.11.2 | 120.52 | 222.46 | 342.98 | OK | |
r-devel-linux-x86_64-fedora-clang | 0.11.2 | 653.99 | NOTE | |||
r-devel-linux-x86_64-fedora-gcc | 0.11.2 | 635.03 | OK | |||
r-devel-windows-x86_64 | 0.11.2 | 115.00 | 263.00 | 378.00 | NOTE | |
r-patched-linux-x86_64 | 0.11.2 | 142.84 | 294.76 | 437.60 | OK | |
r-release-linux-x86_64 | 0.11.2 | 145.45 | 299.15 | 444.60 | OK | |
r-release-macos-arm64 | 0.11.2 | 147.00 | NOTE | |||
r-release-macos-x86_64 | 0.11.2 | 549.00 | NOTE | |||
r-release-windows-x86_64 | 0.11.2 | 147.00 | 332.00 | 479.00 | NOTE | |
r-oldrel-macos-arm64 | 0.11.2 | 144.00 | NOTE | |||
r-oldrel-windows-x86_64 | 0.11.2 | 140.00 | 304.00 | 444.00 | NOTE |
Version: 0.11.2
Check: installed package size
Result: NOTE
installed size is 6.7Mb
sub-directories of 1Mb or more:
R 1.3Mb
doc 3.6Mb
Flavors: r-devel-linux-x86_64-fedora-clang, r-devel-windows-x86_64, r-release-macos-arm64, r-release-macos-x86_64, r-release-windows-x86_64, r-oldrel-macos-arm64, r-oldrel-windows-x86_64