Last updated on 2023-09-29 21:53:53 CEST.
Flavor | Version | Tinstall | Tcheck | Ttotal | Status | Flags |
---|---|---|---|---|---|---|
r-devel-linux-x86_64-debian-clang | 0.11.1 | 146.66 | 360.99 | 507.65 | NOTE | |
r-devel-linux-x86_64-debian-gcc | 0.11.1 | 101.82 | 310.21 | 412.03 | NOTE | |
r-devel-linux-x86_64-fedora-clang | 0.11.1 | 569.84 | NOTE | |||
r-devel-linux-x86_64-fedora-gcc | 0.11.1 | 572.10 | NOTE | |||
r-devel-windows-x86_64 | 0.11.1 | 106.00 | 263.00 | 369.00 | NOTE | |
r-patched-linux-x86_64 | 0.11.1 | 135.59 | 340.45 | 476.04 | NOTE | |
r-release-linux-x86_64 | 0.11.1 | 135.71 | 360.30 | 496.01 | NOTE | |
r-release-macos-arm64 | 0.11.1 | 160.00 | NOTE | |||
r-release-macos-x86_64 | 0.11.1 | 276.00 | NOTE | |||
r-release-windows-x86_64 | 0.11.1 | 143.00 | 340.00 | 483.00 | NOTE | |
r-oldrel-macos-arm64 | 0.11.1 | 153.00 | NOTE | |||
r-oldrel-macos-x86_64 | 0.11.1 | 182.00 | NOTE | |||
r-oldrel-windows-x86_64 | 0.11.1 | 134.00 | 297.00 | 431.00 | NOTE |
Version: 0.11.1
Check: C++ specification
Result: NOTE
Specified C++11: please drop specification unless essential
Flavors: r-devel-linux-x86_64-debian-clang, r-devel-linux-x86_64-debian-gcc, r-devel-linux-x86_64-fedora-clang, r-devel-linux-x86_64-fedora-gcc, r-devel-windows-x86_64, r-patched-linux-x86_64, r-release-linux-x86_64, r-release-macos-arm64, r-release-macos-x86_64, r-release-windows-x86_64
Version: 0.11.1
Check: installed package size
Result: NOTE
installed size is 6.8Mb
sub-directories of 1Mb or more:
R 1.3Mb
doc 3.6Mb
Flavors: r-devel-linux-x86_64-fedora-clang, r-devel-windows-x86_64, r-release-macos-arm64, r-release-macos-x86_64, r-release-windows-x86_64, r-oldrel-macos-arm64, r-oldrel-macos-x86_64, r-oldrel-windows-x86_64