CRAN Package Check Results for Package flars

Last updated on 2019-06-15 22:58:40 CEST.

Flavor Version Tinstall Tcheck Ttotal Status Flags
r-devel-linux-x86_64-debian-clang 1.0 42.95 72.82 115.77 OK
r-devel-linux-x86_64-debian-gcc 1.0 30.04 60.94 90.98 OK
r-devel-linux-x86_64-fedora-clang 1.0 152.27 NOTE
r-devel-linux-x86_64-fedora-gcc 1.0 138.48 NOTE
r-devel-windows-ix86+x86_64 1.0 102.00 122.00 224.00 OK
r-patched-linux-x86_64 1.0 36.67 74.69 111.36 OK
r-patched-solaris-x86 1.0 195.80 OK
r-release-linux-x86_64 1.0 38.37 74.71 113.08 OK
r-release-windows-ix86+x86_64 1.0 77.00 157.00 234.00 OK
r-release-osx-x86_64 1.0 OK
r-oldrel-windows-ix86+x86_64 1.0 71.00 158.00 229.00 OK
r-oldrel-osx-x86_64 1.0 OK

Check Details

Version: 1.0
Check: compiled code
Result: NOTE
    File ‘flars/libs/flars.so’:
     Found no calls to: ‘R_registerRoutines’, ‘R_useDynamicSymbols’
    
    It is good practice to register native routines and to disable symbol
    search.
    
    See ‘Writing portable packages’ in the ‘Writing R Extensions’ manual.
Flavors: r-devel-linux-x86_64-fedora-clang, r-devel-linux-x86_64-fedora-gcc