CRAN Package Check Results for Package flars

Last updated on 2019-08-17 22:46:26 CEST.

Flavor Version Tinstall Tcheck Ttotal Status Flags
r-devel-linux-x86_64-debian-clang 1.0 38.17 72.32 110.49 OK
r-devel-linux-x86_64-debian-gcc 1.0 32.65 60.34 92.99 OK
r-devel-linux-x86_64-fedora-clang 1.0 153.62 NOTE
r-devel-linux-x86_64-fedora-gcc 1.0 146.04 NOTE
r-devel-windows-ix86+x86_64 1.0 107.00 155.00 262.00 OK
r-patched-linux-x86_64 1.0 36.11 75.72 111.83 OK
r-patched-solaris-x86 1.0 196.00 OK
r-release-linux-x86_64 1.0 36.29 74.43 110.72 OK
r-release-windows-ix86+x86_64 1.0 102.00 164.00 266.00 OK
r-release-osx-x86_64 1.0 OK
r-oldrel-windows-ix86+x86_64 1.0 91.00 147.00 238.00 OK
r-oldrel-osx-x86_64 1.0 OK

Check Details

Version: 1.0
Check: compiled code
Result: NOTE
    File ‘flars/libs/flars.so’:
     Found no calls to: ‘R_registerRoutines’, ‘R_useDynamicSymbols’
    
    It is good practice to register native routines and to disable symbol
    search.
    
    See ‘Writing portable packages’ in the ‘Writing R Extensions’ manual.
Flavors: r-devel-linux-x86_64-fedora-clang, r-devel-linux-x86_64-fedora-gcc