CRAN Package Check Results for Package flashClust

Last updated on 2018-12-11 21:48:46 CET.

Flavor Version Tinstall Tcheck Ttotal Status Flags
r-devel-linux-x86_64-debian-clang 1.01-2 1.42 17.78 19.20 NOTE
r-devel-linux-x86_64-debian-gcc 1.01-2 1.25 14.27 15.52 NOTE
r-devel-linux-x86_64-fedora-clang 1.01-2 23.35 NOTE
r-devel-linux-x86_64-fedora-gcc 1.01-2 21.69 NOTE
r-devel-windows-ix86+x86_64 1.01-2 10.00 33.00 43.00 NOTE
r-patched-linux-x86_64 1.01-2 1.28 16.69 17.97 NOTE
r-patched-solaris-x86 1.01-2 40.70 NOTE
r-release-linux-x86_64 1.01-2 1.31 16.53 17.84 NOTE
r-release-windows-ix86+x86_64 1.01-2 11.00 34.00 45.00 NOTE
r-release-osx-x86_64 1.01-2 NOTE
r-oldrel-windows-ix86+x86_64 1.01-2 6.00 38.00 44.00 NOTE
r-oldrel-osx-x86_64 1.01-2 NOTE

Check Details

Version: 1.01-2
Check: DESCRIPTION meta-information
Result: NOTE
    Malformed Description field: should contain one or more complete sentences.
Flavors: r-devel-linux-x86_64-debian-clang, r-devel-linux-x86_64-debian-gcc, r-devel-linux-x86_64-fedora-clang, r-devel-linux-x86_64-fedora-gcc, r-devel-windows-ix86+x86_64, r-patched-linux-x86_64, r-patched-solaris-x86, r-release-linux-x86_64, r-release-windows-ix86+x86_64, r-release-osx-x86_64, r-oldrel-windows-ix86+x86_64, r-oldrel-osx-x86_64

Version: 1.01-2
Check: compiled code
Result: NOTE
    File ‘flashClust/libs/flashClust.so’:
     Found no calls to: ‘R_registerRoutines’, ‘R_useDynamicSymbols’
    
    It is good practice to register native routines and to disable symbol
    search.
    
    See ‘Writing portable packages’ in the ‘Writing R Extensions’ manual.
Flavors: r-devel-linux-x86_64-fedora-clang, r-devel-linux-x86_64-fedora-gcc