CRAN Package Check Results for Package flashClust

Last updated on 2018-09-17 22:51:01 CEST.

Flavor Version Tinstall Tcheck Ttotal Status Flags
r-devel-linux-x86_64-debian-clang 1.01-2 1.42 17.75 19.17 NOTE
r-devel-linux-x86_64-debian-gcc 1.01-2 1.15 14.35 15.50 NOTE
r-devel-linux-x86_64-fedora-clang 1.01-2 23.65 NOTE
r-devel-linux-x86_64-fedora-gcc 1.01-2 22.96 NOTE
r-devel-windows-ix86+x86_64 1.01-2 8.00 34.00 42.00 NOTE
r-patched-linux-x86_64 1.01-2 1.42 16.45 17.87 NOTE
r-patched-solaris-x86 1.01-2 34.20 NOTE
r-release-linux-x86_64 1.01-2 1.05 16.19 17.24 NOTE
r-release-windows-ix86+x86_64 1.01-2 11.00 34.00 45.00 NOTE
r-release-osx-x86_64 1.01-2 NOTE
r-oldrel-windows-ix86+x86_64 1.01-2 6.00 28.00 34.00 NOTE
r-oldrel-osx-x86_64 1.01-2 NOTE

Check Details

Version: 1.01-2
Check: DESCRIPTION meta-information
Result: NOTE
    Malformed Description field: should contain one or more complete sentences.
Flavors: r-devel-linux-x86_64-debian-clang, r-devel-linux-x86_64-debian-gcc, r-devel-linux-x86_64-fedora-clang, r-devel-linux-x86_64-fedora-gcc, r-devel-windows-ix86+x86_64, r-patched-linux-x86_64, r-patched-solaris-x86, r-release-linux-x86_64, r-release-windows-ix86+x86_64, r-release-osx-x86_64, r-oldrel-windows-ix86+x86_64, r-oldrel-osx-x86_64

Version: 1.01-2
Check: compiled code
Result: NOTE
    File ‘flashClust/libs/flashClust.so’:
     Found no calls to: ‘R_registerRoutines’, ‘R_useDynamicSymbols’
    
    It is good practice to register native routines and to disable symbol
    search.
    
    See ‘Writing portable packages’ in the ‘Writing R Extensions’ manual.
Flavors: r-devel-linux-x86_64-debian-clang, r-devel-linux-x86_64-debian-gcc, r-devel-linux-x86_64-fedora-clang, r-devel-linux-x86_64-fedora-gcc, r-patched-linux-x86_64, r-release-linux-x86_64