CRAN Package Check Results for Package flashClust

Last updated on 2017-11-20 22:53:14 CET.

Flavor Version Tinstall Tcheck Ttotal Status Flags
r-devel-linux-x86_64-debian-clang 1.01-2 0.94 10.62 11.57 NOTE
r-devel-linux-x86_64-debian-gcc 1.01-2 2.00 32.39 34.39 NOTE
r-devel-linux-x86_64-fedora-clang 1.01-2 18.32 NOTE
r-devel-linux-x86_64-fedora-gcc 1.01-2 18.97 NOTE
r-devel-windows-ix86+x86_64 1.01-2 11.00 34.00 45.00 NOTE
r-patched-linux-x86_64 1.01-2 1.01 10.81 11.81 NOTE
r-patched-solaris-x86 1.01-2 30.60 NOTE
r-release-linux-x86_64 1.01-2 0.98 10.87 11.85 NOTE
r-release-windows-ix86+x86_64 1.01-2 6.00 28.00 34.00 NOTE
r-release-osx-x86_64 1.01-2 NOTE
r-oldrel-windows-ix86+x86_64 1.01-2 4.00 25.00 29.00 NOTE
r-oldrel-osx-x86_64 1.01-2 NOTE

Check Details

Version: 1.01-2
Check: DESCRIPTION meta-information
Result: NOTE
    Malformed Description field: should contain one or more complete sentences.
Flavors: r-devel-linux-x86_64-debian-clang, r-devel-linux-x86_64-debian-gcc, r-devel-linux-x86_64-fedora-clang, r-devel-linux-x86_64-fedora-gcc, r-devel-windows-ix86+x86_64, r-patched-linux-x86_64, r-patched-solaris-x86, r-release-linux-x86_64, r-release-windows-ix86+x86_64, r-release-osx-x86_64, r-oldrel-windows-ix86+x86_64, r-oldrel-osx-x86_64

Version: 1.01-2
Check: compiled code
Result: NOTE
    File ‘flashClust/libs/flashClust.so’:
     Found no calls to: ‘R_registerRoutines’, ‘R_useDynamicSymbols’
    
    It is good practice to register native routines and to disable symbol
    search.
    
    See ‘Writing portable packages’ in the ‘Writing R Extensions’ manual.
Flavors: r-devel-linux-x86_64-debian-clang, r-devel-linux-x86_64-debian-gcc, r-devel-linux-x86_64-fedora-clang, r-devel-linux-x86_64-fedora-gcc, r-patched-linux-x86_64, r-release-linux-x86_64