CRAN Package Check Results for Package flexsurv

Last updated on 2021-04-22 22:53:48 CEST.

Flavor Version Tinstall Tcheck Ttotal Status Flags
r-devel-linux-x86_64-debian-clang 2.0 77.17 312.39 389.56 OK
r-devel-linux-x86_64-debian-gcc 2.0 50.89 231.14 282.03 OK
r-devel-linux-x86_64-fedora-clang 2.0 491.65 OK
r-devel-linux-x86_64-fedora-gcc 2.0 468.99 OK
r-devel-windows-ix86+x86_64 2.0 165.00 514.00 679.00 OK
r-devel-windows-x86_64-gcc10-UCRT 2.0 OK
r-patched-linux-x86_64 2.0 69.44 293.48 362.92 WARN
r-patched-solaris-x86 2.0 558.40 OK
r-release-linux-x86_64 2.0 57.48 294.79 352.27 OK
r-release-macos-x86_64 2.0 OK
r-release-windows-ix86+x86_64 2.0 169.00 500.00 669.00 OK
r-oldrel-macos-x86_64 2.0 OK
r-oldrel-windows-ix86+x86_64 2.0 161.00 481.00 642.00 OK

Check Details

Version: 2.0
Check: whether package can be installed
Result: WARN
    Found the following significant warnings:
     Rd warning: /tmp/RtmpeXNVaL/R.INSTALL78cf610e28c7/flexsurv/man/GenF.Rd:96: file link ‘Llogis’ in package ‘eha’ does not exist and so has been treated as a topic
     Rd warning: /tmp/RtmpeXNVaL/R.INSTALL78cf610e28c7/flexsurv/man/GenF.Rd:98: file link ‘dllogis’ in package ‘eha’ does not exist and so has been treated as a topic
     Rd warning: /tmp/RtmpeXNVaL/R.INSTALL78cf610e28c7/flexsurv/man/Gompertz.Rd:79: file link ‘dgompertz’ in package ‘eha’ does not exist and so has been treated as a topic
     Rd warning: /tmp/RtmpeXNVaL/R.INSTALL78cf610e28c7/flexsurv/man/Llogis.Rd:71: file link ‘dllogis’ in package ‘eha’ does not exist and so has been treated as a topic
     Rd warning: /tmp/RtmpeXNVaL/R.INSTALL78cf610e28c7/flexsurv/man/flexsurvreg.Rd:440: file link ‘dEV’ in package ‘eha’ does not exist and so has been treated as a topic
     Rd warning: /tmp/RtmpeXNVaL/R.INSTALL78cf610e28c7/flexsurv/man/flexsurvreg.Rd:440: file link ‘pEV’ in package ‘eha’ does not exist and so has been treated as a topic
     Rd warning: /tmp/RtmpeXNVaL/R.INSTALL78cf610e28c7/flexsurv/man/flexsurvspline.Rd:138: file link ‘dllogis’ in package ‘eha’ does not exist and so has been treated as a topic
Flavor: r-patched-linux-x86_64