CRAN Package Check Results for Package flora

Last updated on 2019-08-21 22:48:39 CEST.

Flavor Version Tinstall Tcheck Ttotal Status Flags
r-devel-linux-x86_64-debian-clang 0.3.0 36.87 51.14 88.01 OK
r-devel-linux-x86_64-debian-gcc 0.3.0 OK
r-devel-linux-x86_64-fedora-clang 0.3.0 115.64 NOTE
r-devel-linux-x86_64-fedora-gcc 0.3.0 117.11 OK
r-devel-windows-ix86+x86_64 0.3.0 69.00 85.00 154.00 NOTE
r-patched-linux-x86_64 0.3.0 36.56 49.25 85.81 OK
r-patched-solaris-x86 0.3.0 199.70 NOTE
r-release-linux-x86_64 0.3.0 35.57 50.52 86.09 OK
r-release-windows-ix86+x86_64 0.3.0 60.00 65.00 125.00 NOTE
r-release-osx-x86_64 0.3.0 NOTE
r-oldrel-windows-ix86+x86_64 0.3.0 60.00 79.00 139.00 NOTE
r-oldrel-osx-x86_64 0.3.0 NOTE

Check Details

Version: 0.3.0
Check: installed package size
Result: NOTE
     installed size is 6.5Mb
     sub-directories of 1Mb or more:
     R 6.4Mb
Flavors: r-devel-linux-x86_64-fedora-clang, r-devel-windows-ix86+x86_64, r-patched-solaris-x86, r-release-windows-ix86+x86_64, r-release-osx-x86_64, r-oldrel-windows-ix86+x86_64, r-oldrel-osx-x86_64