CRAN Package Check Results for Package flora

Last updated on 2019-06-16 22:49:23 CEST.

Flavor Version Tinstall Tcheck Ttotal Status Flags
r-devel-linux-x86_64-debian-clang 0.3.0 36.96 51.27 88.23 OK
r-devel-linux-x86_64-debian-gcc 0.3.0 33.07 40.88 73.95 OK
r-devel-linux-x86_64-fedora-clang 0.3.0 112.35 NOTE
r-devel-linux-x86_64-fedora-gcc 0.3.0 109.77 OK
r-devel-windows-ix86+x86_64 0.3.0 70.00 86.00 156.00 NOTE
r-patched-linux-x86_64 0.3.0 36.25 49.26 85.51 OK
r-patched-solaris-x86 0.3.0 209.30 NOTE
r-release-linux-x86_64 0.3.0 35.51 49.04 84.55 OK
r-release-windows-ix86+x86_64 0.3.0 60.00 85.00 145.00 NOTE
r-release-osx-x86_64 0.3.0 NOTE
r-oldrel-windows-ix86+x86_64 0.3.0 43.00 98.00 141.00 NOTE
r-oldrel-osx-x86_64 0.3.0 NOTE

Check Details

Version: 0.3.0
Check: installed package size
Result: NOTE
     installed size is 6.5Mb
     sub-directories of 1Mb or more:
     R 6.4Mb
Flavors: r-devel-linux-x86_64-fedora-clang, r-devel-windows-ix86+x86_64, r-patched-solaris-x86, r-release-windows-ix86+x86_64, r-release-osx-x86_64, r-oldrel-windows-ix86+x86_64, r-oldrel-osx-x86_64