CRAN Package Check Results for Package flora

Last updated on 2020-07-11 22:50:01 CEST.

Flavor Version Tinstall Tcheck Ttotal Status Flags
r-devel-linux-x86_64-debian-clang 0.3.4 42.89 55.51 98.40 OK
r-devel-linux-x86_64-debian-gcc 0.3.4 35.67 43.90 79.57 OK
r-devel-linux-x86_64-fedora-gcc 0.3.4 121.78 OK
r-devel-windows-ix86+x86_64 0.3.4 56.00 84.00 140.00 NOTE
r-patched-linux-x86_64 0.3.4 41.57 54.65 96.22 OK
r-patched-solaris-x86 0.3.4 230.10 NOTE
r-release-linux-x86_64 0.3.4 39.87 53.62 93.49 OK
r-release-macos-x86_64 0.3.4 NOTE
r-release-windows-ix86+x86_64 0.3.4 73.00 64.00 137.00 NOTE
r-oldrel-macos-x86_64 0.3.4 NOTE
r-oldrel-windows-ix86+x86_64 0.3.4 78.00 62.00 140.00 NOTE

Check Details

Version: 0.3.4
Check: installed package size
Result: NOTE
     installed size is 7.1Mb
     sub-directories of 1Mb or more:
     R 7.0Mb
Flavors: r-devel-windows-ix86+x86_64, r-patched-solaris-x86, r-release-macos-x86_64, r-release-windows-ix86+x86_64, r-oldrel-macos-x86_64, r-oldrel-windows-ix86+x86_64