Last updated on 2024-03-28 23:01:44 CET.
Flavor | Version | Tinstall | Tcheck | Ttotal | Status | Flags |
---|---|---|---|---|---|---|
r-devel-linux-x86_64-debian-clang | 0.3-0.1 | 5.82 | 58.09 | 63.91 | NOTE | |
r-devel-linux-x86_64-debian-gcc | 0.3-0.1 | 4.93 | 42.31 | 47.24 | NOTE | |
r-devel-linux-x86_64-fedora-clang | 0.3-0.1 | 77.90 | NOTE | |||
r-devel-linux-x86_64-fedora-gcc | 0.3-0.1 | 75.79 | NOTE | |||
r-devel-windows-x86_64 | 0.3-0.1 | 6.00 | 64.00 | 70.00 | OK | |
r-patched-linux-x86_64 | 0.3-0.1 | 7.84 | 56.25 | 64.09 | NOTE | |
r-release-linux-x86_64 | 0.3-0.1 | 6.54 | 54.08 | 60.62 | NOTE | |
r-release-macos-arm64 | 0.3-0.1 | 25.00 | OK | |||
r-release-macos-x86_64 | 0.3-0.1 | 38.00 | OK | |||
r-release-windows-x86_64 | 0.3-0.1 | 8.00 | 72.00 | 80.00 | OK | |
r-oldrel-macos-arm64 | 0.3-0.1 | 26.00 | OK | |||
r-oldrel-windows-x86_64 | 0.3-0.1 | 8.00 | 69.00 | 77.00 | OK |
Version: 0.3-0.1
Check: for non-standard things in the check directory
Result: NOTE
Found the following files/directories:
‘flux.CH4.txt’
Flavors: r-devel-linux-x86_64-debian-clang, r-devel-linux-x86_64-debian-gcc, r-devel-linux-x86_64-fedora-clang, r-devel-linux-x86_64-fedora-gcc, r-patched-linux-x86_64, r-release-linux-x86_64
Version: 0.3-0.1
Check: Rd cross-references
Result: NOTE
Undeclared package ‘HMR’ in Rd xrefs
Flavor: r-devel-linux-x86_64-fedora-clang