CRAN Package Check Results for Package fmesher

Last updated on 2024-02-22 21:51:40 CET.

Flavor Version Tinstall Tcheck Ttotal Status Flags
r-devel-linux-x86_64-debian-clang 0.1.5 OK
r-devel-linux-x86_64-debian-gcc 0.1.5 114.46 190.66 305.12 OK
r-devel-linux-x86_64-fedora-clang 0.1.5 520.72 OK
r-devel-linux-x86_64-fedora-gcc 0.1.5 578.87 OK
r-devel-windows-x86_64 0.1.5 111.00 233.00 344.00 OK
r-patched-linux-x86_64 0.1.5 145.79 246.75 392.54 OK
r-release-linux-x86_64 0.1.5 140.23 248.84 389.07 OK
r-release-macos-arm64 0.1.5 142.00 NOTE
r-release-macos-x86_64 0.1.5 205.00 NOTE
r-release-windows-x86_64 0.1.5 143.00 282.00 425.00 OK
r-oldrel-macos-arm64 0.1.5 129.00 NOTE
r-oldrel-windows-x86_64 0.1.5 144.00 255.00 399.00 OK

Check Details

Version: 0.1.5
Check: installed package size
Result: NOTE installed size is 9.0Mb sub-directories of 1Mb or more: libs 7.0Mb Flavors: r-release-macos-arm64, r-release-macos-x86_64, r-oldrel-macos-arm64