Last updated on 2024-04-17 22:59:52 CEST.
Flavor | Version | Tinstall | Tcheck | Ttotal | Status | Flags |
---|---|---|---|---|---|---|
r-devel-linux-x86_64-debian-clang | 0.1.5 | 3.31 | 32.07 | 35.38 | NOTE | |
r-devel-linux-x86_64-debian-gcc | 0.1.5 | 2.48 | 24.71 | 27.19 | NOTE | |
r-devel-linux-x86_64-fedora-clang | 0.1.5 | 44.46 | NOTE | |||
r-devel-linux-x86_64-fedora-gcc | 0.1.5 | 42.46 | NOTE | |||
r-prerel-macos-arm64 | 0.1.5 | 20.00 | NOTE | |||
r-prerel-windows-x86_64 | 0.1.5 | 5.00 | 53.00 | 58.00 | NOTE | |
r-patched-linux-x86_64 | 0.1.5 | 2.95 | 30.92 | 33.87 | NOTE | |
r-release-linux-x86_64 | 0.1.5 | 2.42 | 31.91 | 34.33 | NOTE | |
r-release-macos-arm64 | 0.1.5 | 18.00 | NOTE | |||
r-release-macos-x86_64 | 0.1.5 | 25.00 | NOTE | |||
r-release-windows-x86_64 | 0.1.5 | 6.00 | 55.00 | 61.00 | NOTE | |
r-oldrel-macos-arm64 | 0.1.5 | 17.00 | NOTE | |||
r-oldrel-windows-x86_64 | 0.1.5 | 6.00 | 53.00 | 59.00 | NOTE |
Version: 0.1.5
Check: LazyData
Result: NOTE
'LazyData' is specified without a 'data' directory
Flavors: r-devel-linux-x86_64-debian-clang, r-devel-linux-x86_64-debian-gcc, r-devel-linux-x86_64-fedora-clang, r-devel-linux-x86_64-fedora-gcc, r-prerel-macos-arm64, r-prerel-windows-x86_64, r-patched-linux-x86_64, r-release-linux-x86_64, r-release-macos-arm64, r-release-macos-x86_64, r-release-windows-x86_64, r-oldrel-macos-arm64, r-oldrel-windows-x86_64