CRAN Package Check Results for Package fmri

Last updated on 2018-06-19 22:53:55 CEST.

Flavor Version Tinstall Tcheck Ttotal Status Flags
r-devel-linux-x86_64-debian-clang 1.7-2 17.62 108.83 126.45 NOTE
r-devel-linux-x86_64-debian-gcc 1.7-2 13.37 81.80 95.17 NOTE
r-devel-linux-x86_64-fedora-clang 1.7-2 144.59 NOTE
r-devel-linux-x86_64-fedora-gcc 1.7-2 138.22 NOTE
r-devel-windows-ix86+x86_64 1.7-2 43.00 120.00 163.00 OK
r-patched-linux-x86_64 1.7-2 16.06 94.71 110.77 NOTE
r-patched-solaris-x86 1.7-2 177.70 OK
r-release-linux-x86_64 1.7-2 18.60 93.07 111.67 NOTE
r-release-windows-ix86+x86_64 1.7-2 32.00 155.00 187.00 OK
r-release-osx-x86_64 1.7-2 OK
r-oldrel-windows-ix86+x86_64 1.7-2 17.00 147.00 164.00 OK
r-oldrel-osx-x86_64 1.7-2 OK

Check Details

Version: 1.7-2
Check: compiled code
Result: NOTE
    File ‘fmri/libs/fmri.so’:
     Found no calls to: ‘R_registerRoutines’, ‘R_useDynamicSymbols’
    
    It is good practice to register native routines and to disable symbol
    search.
    
    See ‘Writing portable packages’ in the ‘Writing R Extensions’ manual.
Flavors: r-devel-linux-x86_64-debian-clang, r-devel-linux-x86_64-debian-gcc, r-devel-linux-x86_64-fedora-clang, r-devel-linux-x86_64-fedora-gcc, r-patched-linux-x86_64, r-release-linux-x86_64