CRAN Package Check Results for Package fmri

Last updated on 2018-09-17 22:51:01 CEST.

Flavor Version Tinstall Tcheck Ttotal Status Flags
r-devel-linux-x86_64-debian-clang 1.7-2 17.16 106.80 123.96 NOTE
r-devel-linux-x86_64-debian-gcc 1.7-2 14.59 84.13 98.72 NOTE
r-devel-linux-x86_64-fedora-clang 1.7-2 160.67 NOTE
r-devel-linux-x86_64-fedora-gcc 1.7-2 159.82 NOTE
r-devel-windows-ix86+x86_64 1.7-2 68.00 267.00 335.00 OK
r-patched-linux-x86_64 1.7-2 15.77 93.87 109.64 NOTE
r-patched-solaris-x86 1.7-2 176.80 OK
r-release-linux-x86_64 1.7-2 16.48 93.37 109.85 NOTE
r-release-windows-ix86+x86_64 1.7-2 26.00 114.00 140.00 OK
r-release-osx-x86_64 1.7-2 OK
r-oldrel-windows-ix86+x86_64 1.7-2 18.00 111.00 129.00 OK
r-oldrel-osx-x86_64 1.7-2 OK

Check Details

Version: 1.7-2
Check: compiled code
Result: NOTE
    File ‘fmri/libs/fmri.so’:
     Found no calls to: ‘R_registerRoutines’, ‘R_useDynamicSymbols’
    
    It is good practice to register native routines and to disable symbol
    search.
    
    See ‘Writing portable packages’ in the ‘Writing R Extensions’ manual.
Flavors: r-devel-linux-x86_64-debian-clang, r-devel-linux-x86_64-debian-gcc, r-devel-linux-x86_64-fedora-clang, r-devel-linux-x86_64-fedora-gcc, r-patched-linux-x86_64, r-release-linux-x86_64