CRAN Package Check Results for Package fmri

Last updated on 2018-12-12 22:55:18 CET.

Flavor Version Tinstall Tcheck Ttotal Status Flags
r-devel-linux-x86_64-debian-clang 1.7-2 17.10 100.67 117.77 OK
r-devel-linux-x86_64-debian-gcc 1.7-2 14.88 76.12 91.00 OK
r-devel-linux-x86_64-fedora-clang 1.7-2 138.87 NOTE
r-devel-linux-x86_64-fedora-gcc 1.7-2 132.79 NOTE
r-devel-windows-ix86+x86_64 1.7-2 42.00 124.00 166.00 OK
r-patched-linux-x86_64 1.7-2 19.27 93.64 112.91 OK
r-patched-solaris-x86 1.7-2 191.60 OK
r-release-linux-x86_64 1.7-2 14.11 94.36 108.47 OK
r-release-windows-ix86+x86_64 1.7-2 40.00 107.00 147.00 OK
r-release-osx-x86_64 1.7-2 OK
r-oldrel-windows-ix86+x86_64 1.7-2 18.00 160.00 178.00 OK
r-oldrel-osx-x86_64 1.7-2 OK

Check Details

Version: 1.7-2
Check: compiled code
Result: NOTE
    File ‘fmri/libs/fmri.so’:
     Found no calls to: ‘R_registerRoutines’, ‘R_useDynamicSymbols’
    
    It is good practice to register native routines and to disable symbol
    search.
    
    See ‘Writing portable packages’ in the ‘Writing R Extensions’ manual.
Flavors: r-devel-linux-x86_64-fedora-clang, r-devel-linux-x86_64-fedora-gcc