CRAN Package Check Results for Package fmri

Last updated on 2017-11-24 22:51:06 CET.

Flavor Version Tinstall Tcheck Ttotal Status Flags
r-devel-linux-x86_64-debian-clang 1.7-2 6.30 142.42 148.73 NOTE
r-devel-linux-x86_64-debian-gcc 1.7-2 5.47 115.01 120.49 NOTE
r-devel-linux-x86_64-fedora-clang 1.7-2 116.87 NOTE
r-devel-linux-x86_64-fedora-gcc 1.7-2 116.29 NOTE
r-devel-windows-ix86+x86_64 1.7-2 21.00 157.00 178.00 OK
r-patched-linux-x86_64 1.7-2 7.62 139.84 147.46 NOTE
r-patched-solaris-x86 1.7-2 167.40 OK
r-release-linux-x86_64 1.7-2 6.40 142.07 148.47 NOTE
r-release-windows-ix86+x86_64 1.7-2 17.00 113.00 130.00 OK
r-release-osx-x86_64 1.7-2 OK
r-oldrel-windows-ix86+x86_64 1.7-2 18.00 141.00 159.00 OK
r-oldrel-osx-x86_64 1.7-2 OK

Check Details

Version: 1.7-2
Check: compiled code
Result: NOTE
    File ‘fmri/libs/fmri.so’:
     Found no calls to: ‘R_registerRoutines’, ‘R_useDynamicSymbols’
    
    It is good practice to register native routines and to disable symbol
    search.
    
    See ‘Writing portable packages’ in the ‘Writing R Extensions’ manual.
Flavors: r-devel-linux-x86_64-debian-clang, r-devel-linux-x86_64-debian-gcc, r-devel-linux-x86_64-fedora-clang, r-devel-linux-x86_64-fedora-gcc, r-patched-linux-x86_64, r-release-linux-x86_64