CRAN Package Check Results for Package foghorn

Last updated on 2021-04-16 22:50:57 CEST.

Flavor Version Tinstall Tcheck Ttotal Status Flags
r-devel-linux-x86_64-debian-clang 1.3.2 4.69 49.86 54.55 NOTE
r-devel-linux-x86_64-debian-gcc 1.3.2 4.00 38.32 42.32 NOTE
r-devel-linux-x86_64-fedora-clang 1.3.2 74.86 NOTE
r-devel-linux-x86_64-fedora-gcc 1.3.2 60.87 NOTE
r-devel-windows-ix86+x86_64 1.3.2 12.00 66.00 78.00 NOTE
r-devel-windows-x86_64-gcc10-UCRT 1.3.2 NOTE
r-patched-linux-x86_64 1.3.2 4.70 47.01 51.71 OK
r-patched-solaris-x86 1.3.2 93.20 OK
r-release-linux-x86_64 1.3.2 4.57 47.01 51.58 OK
r-release-macos-x86_64 1.3.2 OK
r-release-windows-ix86+x86_64 1.3.2 20.00 72.00 92.00 OK
r-oldrel-macos-x86_64 1.3.2 OK
r-oldrel-windows-ix86+x86_64 1.3.2 6.00 67.00 73.00 OK

Check Details

Version: 1.3.2
Check: LazyData
Result: NOTE
     'LazyData' is specified without a 'data' directory
Flavors: r-devel-linux-x86_64-debian-clang, r-devel-linux-x86_64-debian-gcc, r-devel-linux-x86_64-fedora-clang, r-devel-linux-x86_64-fedora-gcc, r-devel-windows-ix86+x86_64, r-devel-windows-x86_64-gcc10-UCRT