CRAN Package Check Results for Package foghorn

Last updated on 2019-12-11 22:51:07 CET.

Flavor Version Tinstall Tcheck Ttotal Status Flags
r-devel-linux-x86_64-debian-clang 1.1.4 4.08 42.98 47.06 OK
r-devel-linux-x86_64-debian-gcc 1.1.4 3.21 33.95 37.16 OK
r-devel-linux-x86_64-fedora-clang 1.1.4 55.89 OK
r-devel-linux-x86_64-fedora-gcc 1.1.4 57.25 OK
r-devel-windows-ix86+x86_64 1.1.4 17.00 79.00 96.00 ERROR
r-devel-windows-ix86+x86_64-gcc8 1.1.4 10.00 88.00 98.00 OK
r-patched-linux-x86_64 1.1.4 3.47 39.32 42.79 OK
r-patched-solaris-x86 1.1.4 82.20 OK
r-release-linux-x86_64 1.1.4 3.53 38.85 42.38 OK
r-release-windows-ix86+x86_64 1.1.4 8.00 56.00 64.00 OK
r-release-osx-x86_64 1.1.4 OK
r-oldrel-windows-ix86+x86_64 1.1.4 5.00 50.00 55.00 OK
r-oldrel-osx-x86_64 1.1.4 OK

Check Details

Version: 1.1.4
Check: examples
Result: ERROR
    Running examples in 'foghorn-Ex.R' failed
    The error most likely occurred in:
    
    > ### Name: cran_results
    > ### Title: Table of the CRAN check results
    > ### Aliases: cran_results
    >
    > ### ** Examples
    >
    > if (curl::has_internet()) {
    + cran_results(pkg="MASS")
    + }
    Error in loadNamespace(i, c(lib.loc, .libPaths()), versionCheck = vI[[i]]) :
     there is no package called 'stringi'
    Calls: cran_results ... loadNamespace -> withRestarts -> withOneRestart -> doWithOneRestart
    Execution halted
Flavor: r-devel-windows-ix86+x86_64

Version: 1.1.4
Check: tests
Result: ERROR
     Running 'testthat.R' [4s]
    Running the tests in 'tests/testthat.R' failed.
    Complete output:
     > library(testthat)
     > library(foghorn)
     >
     > test_check("foghorn")
     -- 1. Error: check output for MASS (@test-foghorn.R#421) ----------------------
     there is no package called 'stringi'
     Backtrace:
     1. foghorn::cran_results(pkg = "MASS")
     2. foghorn:::cran_results_web(email, pkg, ...)
     4. foghorn:::cran_checks_table.cran_checks_pkg(res_pkg)
     5. foghorn:::get_cran_table(parsed, ...)
     6. base::lapply(...)
     7. foghorn:::FUN(X[[i]], ...)
     9. rvest:::html_table.xml_document(x)
     10. base::lapply(...)
     12. rvest:::html_table.xml_node(X[[i]], ...)
     14. rvest:::html_nodes.default(x, "tr")
     ...
     19. selectr::css_to_xpath
     20. base::getExportedValue(pkg, name)
     21. base::asNamespace(ns)
     22. base::getNamespace(ns)
     23. base::loadNamespace(name)
     26. base::loadNamespace(j <- i[[1L]], c(lib.loc, .libPaths()), versionCheck = vI[[j]])
     28. base::loadNamespace(i, c(lib.loc, .libPaths()), versionCheck = vI[[i]])
     29. base::withRestarts(stop(cond), retry_loadNamespace = function() NULL)
     30. base:::withOneRestart(expr, restarts[[1L]])
     31. base:::doWithOneRestart(return(expr), restart)
    
     == testthat results ===========================================================
     [ OK: 11 | SKIPPED: 18 | WARNINGS: 0 | FAILED: 1 ]
     1. Error: check output for MASS (@test-foghorn.R#421)
    
     Error: testthat unit tests failed
     In addition: Warning messages:
     1: In .Internal(gc(verbose, reset, full)) :
     closing unused connection 4 (https://cloud.r-project.org/web/checks/check_results_foobarfoobar.html)
     2: In .Internal(gc(verbose, reset, full)) :
     closing unused connection 4 (https://cloud.r-project.org/web/checks/check_results_foo_at_foobarbar.rrrr.html)
     Execution halted
Flavor: r-devel-windows-ix86+x86_64

Version: 1.1.4
Check: re-building of vignette outputs
Result: WARN
    Error(s) in re-building vignettes:
    --- re-building 'foghorn.Rmd' using rmarkdown
    Error: processing vignette 'foghorn.Rmd' failed with diagnostics:
    there is no package called 'stringi'
    --- failed re-building 'foghorn.Rmd'
    
    SUMMARY: processing the following file failed:
     'foghorn.Rmd'
    
    Error: Vignette re-building failed.
    Execution halted
Flavor: r-devel-windows-ix86+x86_64