CRAN Package Check Results for Package foieGras

Last updated on 2019-08-19 22:47:05 CEST.

Flavor Version Tinstall Tcheck Ttotal Status Flags
r-devel-linux-x86_64-debian-clang 0.2.2 103.45 137.24 240.69 OK
r-devel-linux-x86_64-debian-gcc 0.2.2 91.59 105.15 196.74 OK
r-devel-linux-x86_64-fedora-clang 0.2.2 322.68 NOTE
r-devel-linux-x86_64-fedora-gcc 0.2.2 331.68 OK
r-devel-windows-ix86+x86_64 0.2.2 194.00 309.00 503.00 NOTE
r-patched-linux-x86_64 0.2.2 89.52 132.92 222.44 OK
r-patched-solaris-x86 0.2.2 372.70 OK
r-release-linux-x86_64 0.2.2 91.27 134.35 225.62 OK
r-release-windows-ix86+x86_64 0.2.2 156.00 213.00 369.00 NOTE
r-release-osx-x86_64 0.2.2 NOTE
r-oldrel-windows-ix86+x86_64 0.2.2 185.00 288.00 473.00 NOTE
r-oldrel-osx-x86_64 0.2.2 NOTE

Additional issues

clang-UBSAN

Check Details

Version: 0.2.2
Check: installed package size
Result: NOTE
     installed size is 27.5Mb
     sub-directories of 1Mb or more:
     libs 26.6Mb
Flavors: r-devel-linux-x86_64-fedora-clang, r-devel-windows-ix86+x86_64, r-release-windows-ix86+x86_64, r-release-osx-x86_64, r-oldrel-windows-ix86+x86_64, r-oldrel-osx-x86_64