Last updated on 2019-12-10 22:49:32 CET.
Flavor | Version | Tinstall | Tcheck | Ttotal | Status | Flags |
---|---|---|---|---|---|---|
r-devel-linux-x86_64-debian-clang | 0.1.1 | 3.70 | 38.33 | 42.03 | OK | |
r-devel-linux-x86_64-debian-gcc | 0.1.1 | 3.32 | 29.94 | 33.26 | OK | |
r-devel-linux-x86_64-fedora-clang | 0.1.1 | 51.35 | NOTE | |||
r-devel-linux-x86_64-fedora-gcc | 0.1.1 | 50.77 | NOTE | |||
r-devel-windows-ix86+x86_64 | 0.1.1 | 12.00 | 81.00 | 93.00 | OK | |
r-devel-windows-ix86+x86_64-gcc8 | 0.1.1 | 12.00 | 59.00 | 71.00 | OK | |
r-patched-linux-x86_64 | 0.1.1 | 3.46 | 34.97 | 38.43 | OK | |
r-patched-solaris-x86 | 0.1.1 | 74.00 | NOTE | |||
r-release-linux-x86_64 | 0.1.1 | 3.43 | 34.76 | 38.19 | OK | |
r-release-windows-ix86+x86_64 | 0.1.1 | 9.00 | 51.00 | 60.00 | OK | |
r-release-osx-x86_64 | 0.1.1 | WARN | ||||
r-oldrel-windows-ix86+x86_64 | 0.1.1 | 6.00 | 52.00 | 58.00 | OK | |
r-oldrel-osx-x86_64 | 0.1.1 | WARN |
Version: 0.1.1
Check: dependencies in R code
Result: NOTE
Namespace in Imports field not imported from: ‘ggplot2’
All declared Imports should be used.
Flavors: r-devel-linux-x86_64-fedora-clang, r-devel-linux-x86_64-fedora-gcc, r-patched-solaris-x86, r-release-osx-x86_64, r-oldrel-osx-x86_64
Version: 0.1.1
Check: re-building of vignette outputs
Result: WARN
Error(s) in re-building vignettes:
...
--- re-building ‘Using_fontHind.Rmd’ using rmarkdown
Warning in engine$weave(file, quiet = quiet, encoding = enc) :
Pandoc (>= 1.12.3) and/or pandoc-citeproc not available. Falling back to R Markdown v1.
Quitting from lines 38-49 (Using_fontHind.Rmd)
Error: processing vignette 'Using_fontHind.Rmd' failed with diagnostics:
polygon edge not found
--- failed re-building ‘Using_fontHind.Rmd’
SUMMARY: processing the following file failed:
‘Using_fontHind.Rmd’
Error: Vignette re-building failed.
Execution halted
Flavor: r-release-osx-x86_64
Version: 0.1.1
Check: re-building of vignette outputs
Result: WARN
Error in re-building vignettes:
...
Warning in engine$weave(file, quiet = quiet, encoding = enc) :
Pandoc (>= 1.12.3) and/or pandoc-citeproc not available. Falling back to R Markdown v1.
Quitting from lines 38-49 (Using_fontHind.Rmd)
Error: processing vignette 'Using_fontHind.Rmd' failed with diagnostics:
polygon edge not found
Execution halted
Flavor: r-oldrel-osx-x86_64