CRAN Package Check Results for Package foolbox

Last updated on 2024-04-12 22:55:36 CEST.

Flavor Version Tinstall Tcheck Ttotal Status Flags
r-devel-linux-x86_64-debian-clang 0.1.1 3.08 168.18 171.26 NOTE
r-devel-linux-x86_64-debian-gcc 0.1.1 2.58 120.20 122.78 NOTE
r-devel-linux-x86_64-fedora-clang 0.1.1 194.27 NOTE
r-devel-linux-x86_64-fedora-gcc 0.1.1 211.90 NOTE
r-devel-windows-x86_64 0.1.1 3.00 130.00 133.00 NOTE
r-patched-linux-x86_64 0.1.1 3.56 156.46 160.02 NOTE
r-release-linux-x86_64 0.1.1 2.48 160.49 162.97 NOTE
r-release-macos-arm64 0.1.1 66.00 NOTE
r-release-macos-x86_64 0.1.1 114.00 NOTE
r-release-windows-x86_64 0.1.1 4.00 156.00 160.00 NOTE
r-oldrel-macos-arm64 0.1.1 60.00 NOTE
r-oldrel-windows-x86_64 0.1.1 6.00 150.00 156.00 NOTE

Check Details

Version: 0.1.1
Check: LazyData
Result: NOTE 'LazyData' is specified without a 'data' directory Flavors: r-devel-linux-x86_64-debian-clang, r-devel-linux-x86_64-debian-gcc, r-devel-linux-x86_64-fedora-clang, r-devel-linux-x86_64-fedora-gcc, r-devel-windows-x86_64, r-patched-linux-x86_64, r-release-linux-x86_64, r-release-macos-arm64, r-release-macos-x86_64, r-release-windows-x86_64, r-oldrel-macos-arm64, r-oldrel-windows-x86_64