Last updated on 2023-03-29 23:09:03 CEST.
Flavor | Version | Tinstall | Tcheck | Ttotal | Status | Flags |
---|---|---|---|---|---|---|
r-devel-linux-x86_64-debian-clang | 1.1.0 | 49.71 | 286.13 | 335.84 | OK | |
r-devel-linux-x86_64-debian-gcc | 1.1.0 | 35.53 | 208.40 | 243.93 | OK | |
r-devel-linux-x86_64-fedora-clang | 1.1.0 | 419.26 | NOTE | |||
r-devel-linux-x86_64-fedora-gcc | 1.1.0 | 365.48 | NOTE | |||
r-devel-windows-x86_64 | 1.1.0 | 141.00 | 363.00 | 504.00 | OK | |
r-patched-linux-x86_64 | 1.1.0 | 39.18 | 268.95 | 308.13 | OK | |
r-release-linux-x86_64 | 1.1.0 | 35.46 | 264.18 | 299.64 | OK | |
r-release-macos-arm64 | 1.1.0 | 109.00 | NOTE | |||
r-release-macos-x86_64 | 1.1.0 | 167.00 | NOTE | |||
r-release-windows-x86_64 | 1.1.0 | 165.00 | 336.00 | 501.00 | OK | |
r-oldrel-macos-arm64 | 1.1.0 | 103.00 | NOTE | |||
r-oldrel-macos-x86_64 | 1.1.0 | 163.00 | NOTE | |||
r-oldrel-windows-ix86+x86_64 | 1.1.0 | 107.00 | 400.00 | 507.00 | NOTE |
Version: 1.1.0
Check: dependencies in R code
Result: NOTE
Namespaces in Imports field not imported from:
‘RColorBrewer’ ‘Rcpp’ ‘doParallel’
All declared Imports should be used.
Flavors: r-devel-linux-x86_64-fedora-clang, r-devel-linux-x86_64-fedora-gcc, r-release-macos-arm64, r-release-macos-x86_64, r-oldrel-macos-arm64, r-oldrel-macos-x86_64
Version: 1.1.0
Check: installed package size
Result: NOTE
installed size is 5.0Mb
sub-directories of 1Mb or more:
data 1.1Mb
doc 1.3Mb
libs 2.0Mb
Flavor: r-oldrel-windows-ix86+x86_64