CRAN Package Check Results for Package foreSIGHT

Last updated on 2021-04-16 22:50:57 CEST.

Flavor Version Tinstall Tcheck Ttotal Status Flags
r-devel-linux-x86_64-debian-clang 1.0.0 48.09 253.76 301.85 OK
r-devel-linux-x86_64-debian-gcc 1.0.0 29.35 164.83 194.18 OK
r-devel-linux-x86_64-fedora-clang 1.0.0 378.20 NOTE
r-devel-linux-x86_64-fedora-gcc 1.0.0 351.43 NOTE
r-devel-windows-ix86+x86_64 1.0.0 103.00 372.00 475.00 NOTE
r-devel-windows-x86_64-gcc10-UCRT 1.0.0 NOTE
r-patched-linux-x86_64 1.0.0 33.53 228.99 262.52 OK
r-patched-solaris-x86 1.0.0 428.30 NOTE
r-release-linux-x86_64 1.0.0 35.60 232.24 267.84 OK
r-release-macos-x86_64 1.0.0 NOTE
r-release-windows-ix86+x86_64 1.0.0 99.00 376.00 475.00 NOTE
r-oldrel-macos-x86_64 1.0.0 NOTE
r-oldrel-windows-ix86+x86_64 1.0.0 63.00 325.00 388.00 OK

Check Details

Version: 1.0.0
Check: dependencies in R code
Result: NOTE
    Namespace in Imports field not imported from: ‘RColorBrewer’
     All declared Imports should be used.
Flavors: r-devel-linux-x86_64-fedora-clang, r-devel-linux-x86_64-fedora-gcc, r-devel-windows-x86_64-gcc10-UCRT, r-patched-solaris-x86, r-release-macos-x86_64, r-oldrel-macos-x86_64

Version: 1.0.0
Check: installed package size
Result: NOTE
     installed size is 5.2Mb
     sub-directories of 1Mb or more:
     doc 1.9Mb
     libs 2.0Mb
Flavors: r-devel-windows-ix86+x86_64, r-release-windows-ix86+x86_64