CRAN Package Check Results for Package foreSIGHT

Last updated on 2024-03-04 22:58:02 CET.

Flavor Version Tinstall Tcheck Ttotal Status Flags
r-devel-linux-x86_64-debian-clang 1.2.0 71.30 247.59 318.89 OK
r-devel-linux-x86_64-debian-gcc 1.2.0 50.56 184.40 234.96 OK
r-devel-linux-x86_64-fedora-clang 1.2.0 423.08 OK
r-devel-linux-x86_64-fedora-gcc 1.2.0 398.54 OK
r-devel-windows-x86_64 1.2.0 55.00 244.00 299.00 OK
r-patched-linux-x86_64 1.2.0 65.90 232.08 297.98 OK
r-release-linux-x86_64 1.2.0 43.34 233.16 276.50 OK
r-release-macos-arm64 1.2.0 114.00 OK
r-release-macos-x86_64 1.2.0 7.00 ERROR
r-release-windows-x86_64 1.2.0 73.00 291.00 364.00 OK
r-oldrel-macos-arm64 1.2.0 130.00 OK
r-oldrel-windows-x86_64 1.2.0 73.00 274.00 347.00 OK

Check Details

Version: 1.2.0
Check: package dependencies
Result: ERROR Package required but not available: ‘RGN’ See section ‘The DESCRIPTION file’ in the ‘Writing R Extensions’ manual. Flavor: r-release-macos-x86_64