CRAN Package Check Results for Package forge

Last updated on 2023-12-09 21:54:16 CET.

Flavor Version Tinstall Tcheck Ttotal Status Flags
r-devel-linux-x86_64-debian-clang 0.2.0 2.67 32.71 35.38 NOTE
r-devel-linux-x86_64-debian-gcc 0.2.0 2.31 25.31 27.62 NOTE
r-devel-linux-x86_64-fedora-clang 0.2.0 44.58 NOTE
r-devel-linux-x86_64-fedora-gcc 0.2.0 41.32 NOTE
r-devel-windows-x86_64 0.2.0 4.00 46.00 50.00 NOTE
r-patched-linux-x86_64 0.2.0 2.76 32.11 34.87 NOTE
r-release-linux-x86_64 0.2.0 2.72 31.62 34.34 NOTE
r-release-macos-arm64 0.2.0 19.00 NOTE
r-release-macos-x86_64 0.2.0 24.00 NOTE
r-release-windows-x86_64 0.2.0 4.00 47.00 51.00 NOTE
r-oldrel-macos-arm64 0.2.0 22.00 NOTE
r-oldrel-macos-x86_64 0.2.0 27.00 NOTE
r-oldrel-windows-x86_64 0.2.0 5.00 51.00 56.00 NOTE

Check Details

Version: 0.2.0
Check: LazyData
Result: NOTE 'LazyData' is specified without a 'data' directory Flavors: r-devel-linux-x86_64-debian-clang, r-devel-linux-x86_64-debian-gcc, r-devel-linux-x86_64-fedora-clang, r-devel-linux-x86_64-fedora-gcc, r-devel-windows-x86_64, r-patched-linux-x86_64, r-release-linux-x86_64, r-release-macos-arm64, r-release-macos-x86_64, r-release-windows-x86_64, r-oldrel-macos-arm64, r-oldrel-macos-x86_64, r-oldrel-windows-x86_64