CRAN Package Check Results for Package forge

Last updated on 2024-06-23 22:48:30 CEST.

Flavor Version Tinstall Tcheck Ttotal Status Flags
r-devel-linux-x86_64-debian-clang 0.2.0 2.85 33.04 35.89 NOTE
r-devel-linux-x86_64-debian-gcc 0.2.0 2.13 25.55 27.68 NOTE
r-devel-linux-x86_64-fedora-clang 0.2.0 45.74 NOTE
r-devel-linux-x86_64-fedora-gcc 0.2.0 42.13 NOTE
r-devel-windows-x86_64 0.2.0 4.00 45.00 49.00 NOTE
r-patched-linux-x86_64 0.2.0 2.59 32.06 34.65 NOTE
r-release-linux-x86_64 0.2.0 2.53 31.81 34.34 NOTE
r-release-macos-arm64 0.2.0 18.00 NOTE
r-release-macos-x86_64 0.2.0 25.00 NOTE
r-release-windows-x86_64 0.2.0 3.00 45.00 48.00 NOTE
r-oldrel-macos-arm64 0.2.0 19.00 NOTE
r-oldrel-macos-x86_64 0.2.0 24.00 NOTE
r-oldrel-windows-x86_64 0.2.0 4.00 47.00 51.00 NOTE

Check Details

Version: 0.2.0
Check: LazyData
Result: NOTE 'LazyData' is specified without a 'data' directory Flavors: r-devel-linux-x86_64-debian-clang, r-devel-linux-x86_64-debian-gcc, r-devel-linux-x86_64-fedora-clang, r-devel-linux-x86_64-fedora-gcc, r-devel-windows-x86_64, r-patched-linux-x86_64, r-release-linux-x86_64, r-release-macos-arm64, r-release-macos-x86_64, r-release-windows-x86_64, r-oldrel-macos-arm64, r-oldrel-macos-x86_64, r-oldrel-windows-x86_64