Last updated on 2024-04-19 22:55:46 CEST.
Flavor | Version | Tinstall | Tcheck | Ttotal | Status | Flags |
---|---|---|---|---|---|---|
r-devel-linux-x86_64-debian-clang | 0.2.1 | 23.62 | 38.20 | 61.82 | NOTE | |
r-devel-linux-x86_64-debian-gcc | 0.2.1 | NOTE | ||||
r-devel-linux-x86_64-fedora-clang | 0.2.1 | 90.01 | NOTE | |||
r-devel-linux-x86_64-fedora-gcc | 0.2.1 | 84.42 | NOTE | |||
r-prerel-macos-arm64 | 0.2.1 | 25.00 | NOTE | |||
r-prerel-windows-x86_64 | 0.2.1 | 20.00 | 68.00 | 88.00 | NOTE | |
r-patched-linux-x86_64 | 0.2.1 | 23.88 | 36.90 | 60.78 | NOTE | |
r-release-linux-x86_64 | 0.2.1 | 28.63 | 36.49 | 65.12 | NOTE | |
r-release-macos-arm64 | 0.2.1 | 27.00 | NOTE | |||
r-release-macos-x86_64 | 0.2.1 | 41.00 | NOTE | |||
r-release-windows-x86_64 | 0.2.1 | 25.00 | 75.00 | 100.00 | NOTE | |
r-oldrel-macos-arm64 | 0.2.1 | 27.00 | OK | |||
r-oldrel-windows-x86_64 | 0.2.1 | 27.00 | 76.00 | 103.00 | OK |
Version: 0.2.1
Check: C++ specification
Result: NOTE
Specified C++11: please drop specification unless essential
Flavors: r-devel-linux-x86_64-debian-clang, r-devel-linux-x86_64-debian-gcc, r-devel-linux-x86_64-fedora-clang, r-devel-linux-x86_64-fedora-gcc, r-prerel-macos-arm64, r-prerel-windows-x86_64, r-patched-linux-x86_64, r-release-linux-x86_64, r-release-macos-arm64, r-release-macos-x86_64, r-release-windows-x86_64