CRAN Package Check Results for Package fredr

Last updated on 2019-12-10 22:49:32 CET.

Flavor Version Tinstall Tcheck Ttotal Status Flags
r-devel-linux-x86_64-debian-clang 1.0.0 2.65 38.58 41.23 OK
r-devel-linux-x86_64-debian-gcc 1.0.0 2.29 30.71 33.00 OK
r-devel-linux-x86_64-fedora-clang 1.0.0 51.56 NOTE
r-devel-linux-x86_64-fedora-gcc 1.0.0 52.89 NOTE
r-devel-windows-ix86+x86_64 1.0.0 8.00 92.00 100.00 ERROR
r-devel-windows-ix86+x86_64-gcc8 1.0.0 9.00 61.00 70.00 OK
r-patched-linux-x86_64 1.0.0 2.61 35.44 38.05 OK
r-patched-solaris-x86 1.0.0 67.50 NOTE
r-release-linux-x86_64 1.0.0 2.34 36.01 38.35 OK
r-release-windows-ix86+x86_64 1.0.0 6.00 61.00 67.00 OK
r-release-osx-x86_64 1.0.0 NOTE
r-oldrel-windows-ix86+x86_64 1.0.0 4.00 50.00 54.00 OK
r-oldrel-osx-x86_64 1.0.0 NOTE

Check Details

Version: 1.0.0
Check: data for non-ASCII characters
Result: NOTE
     Note: found 1 marked UTF-8 string
Flavors: r-devel-linux-x86_64-fedora-clang, r-devel-linux-x86_64-fedora-gcc, r-patched-solaris-x86, r-release-osx-x86_64, r-oldrel-osx-x86_64

Version: 1.0.0
Check: examples
Result: ERROR
    Running examples in 'fredr-Ex.R' failed
    The error most likely occurred in:
    
    > ### Name: fredr_docs
    > ### Title: Open the web documentation for a certain FRED API topic.
    > ### Aliases: fredr_docs
    >
    > ### ** Examples
    >
    > fredr_docs()
    > fredr_docs(endpoint = "category")
    > fredr_docs(endpoint = "series/observations")
    Error in fredr_docs(endpoint = "series/observations") :
     Bad endpoint: https://api.stlouisfed.org/docs/fred/series_observations.html
    Execution halted
Flavor: r-devel-windows-ix86+x86_64