Last updated on 2023-10-01 23:03:45 CEST.
Flavor | Version | Tinstall | Tcheck | Ttotal | Status | Flags |
---|---|---|---|---|---|---|
r-devel-linux-x86_64-debian-clang | 0.1.17 | 13.84 | 178.57 | 192.41 | NOTE | |
r-devel-linux-x86_64-debian-gcc | 0.1.17 | 10.00 | 141.75 | 151.75 | NOTE | |
r-devel-linux-x86_64-fedora-clang | 0.1.17 | 237.53 | NOTE | |||
r-devel-linux-x86_64-fedora-gcc | 0.1.17 | 242.85 | NOTE | |||
r-devel-windows-x86_64 | 0.1.17 | 14.00 | 175.00 | 189.00 | NOTE | |
r-patched-linux-x86_64 | 0.1.17 | 17.26 | 176.62 | 193.88 | OK | |
r-release-linux-x86_64 | 0.1.17 | 12.52 | 174.08 | 186.60 | OK | |
r-release-macos-arm64 | 0.1.17 | 76.00 | OK | |||
r-release-macos-x86_64 | 0.1.17 | 134.00 | OK | |||
r-release-windows-x86_64 | 0.1.17 | 19.00 | 211.00 | 230.00 | OK | |
r-oldrel-macos-arm64 | 0.1.17 | 57.00 | OK | |||
r-oldrel-macos-x86_64 | 0.1.17 | 91.00 | OK | |||
r-oldrel-windows-x86_64 | 0.1.17 | 19.00 | 172.00 | 191.00 | OK |
Version: 0.1.17
Check: Rd \usage sections
Result: NOTE
Documented arguments not in \usage in documentation object 'assert.surface':
‘surf’
Documented arguments not in \usage in documentation object 'check.dtype.for.data':
‘silent’
Documented arguments not in \usage in documentation object 'fread3':
‘filehandle:’
Documented arguments not in \usage in documentation object 'fwrite3':
‘filehandle:’ ‘data:’
Documented arguments not in \usage in documentation object 'polygon.soup.to.indexed.mesh':
‘face_vertex_coords’
Functions with \usage entries need to have the appropriate \alias
entries, and all their arguments documented.
The \usage entries must correspond to syntactically valid R code.
See chapter ‘Writing R documentation files’ in the ‘Writing R
Extensions’ manual.
Flavors: r-devel-linux-x86_64-debian-clang, r-devel-linux-x86_64-debian-gcc, r-devel-linux-x86_64-fedora-clang, r-devel-linux-x86_64-fedora-gcc, r-devel-windows-x86_64