Last updated on 2023-06-07 22:02:43 CEST.
Flavor | Version | Tinstall | Tcheck | Ttotal | Status | Flags |
---|---|---|---|---|---|---|
r-devel-linux-x86_64-debian-clang | 2.0.3 | 3.23 | 39.35 | 42.58 | OK | |
r-devel-linux-x86_64-debian-gcc | 2.0.3 | 2.87 | 29.67 | 32.54 | OK | |
r-devel-linux-x86_64-fedora-clang | 2.0.3 | 54.87 | OK | |||
r-devel-linux-x86_64-fedora-gcc | 2.0.3 | 50.37 | OK | |||
r-devel-windows-x86_64 | 2.0.3 | 7.00 | 53.00 | 60.00 | OK | |
r-patched-linux-x86_64 | 2.0.3 | 4.43 | 37.54 | 41.97 | OK | |
r-release-linux-x86_64 | 2.0.3 | 3.13 | 37.22 | 40.35 | OK | |
r-release-macos-arm64 | 2.0.3 | 22.00 | OK | |||
r-release-macos-x86_64 | 2.0.3 | 30.00 | NOTE | |||
r-release-windows-x86_64 | 2.0.3 | 4.00 | 55.00 | 59.00 | OK | |
r-oldrel-macos-arm64 | 2.0.3 | 23.00 | OK | |||
r-oldrel-macos-x86_64 | 2.0.3 | 36.00 | OK | |||
r-oldrel-windows-x86_64 | 2.0.3 | 5.00 | 56.00 | 61.00 | OK |
Version: 2.0.3
Check: package dependencies
Result: NOTE
Packages suggested but not available for checking: 'fda', 'MARSS'
Flavor: r-release-macos-x86_64