CRAN Package Check Results for Package fruclimadapt

Last updated on 2024-03-01 22:53:37 CET.

Flavor Version Tinstall Tcheck Ttotal Status Flags
r-devel-linux-x86_64-debian-clang 0.4.5 9.54 82.95 92.49 OK
r-devel-linux-x86_64-debian-gcc 0.4.5 7.11 62.70 69.81 OK
r-devel-linux-x86_64-fedora-clang 0.4.5 121.49 NOTE
r-devel-linux-x86_64-fedora-gcc 0.4.5 111.42 OK
r-devel-windows-x86_64 0.4.5 9.00 88.00 97.00 OK
r-patched-linux-x86_64 0.4.5 10.06 78.29 88.35 OK
r-release-linux-x86_64 0.4.5 7.66 79.06 86.72 OK
r-release-macos-arm64 0.4.5 36.00 OK
r-release-macos-x86_64 0.4.5 57.00 OK
r-release-windows-x86_64 0.4.5 10.00 155.00 165.00 OK
r-oldrel-macos-arm64 0.4.5 35.00 OK
r-oldrel-windows-x86_64 0.4.5 11.00 87.00 98.00 OK

Check Details

Version: 0.4.5
Check: Rd cross-references
Result: NOTE Undeclared package ‘chillR’ in Rd xrefs Flavor: r-devel-linux-x86_64-fedora-clang