CRAN Package Check Results for Package ftsspec

Last updated on 2023-06-04 22:59:59 CEST.

Flavor Version Tinstall Tcheck Ttotal Status Flags
r-devel-linux-x86_64-debian-clang 1.0.0 3.16 29.94 33.10 NOTE
r-devel-linux-x86_64-debian-gcc 1.0.0 1.65 23.58 25.23 NOTE
r-devel-linux-x86_64-fedora-clang 1.0.0 42.14 NOTE
r-devel-linux-x86_64-fedora-gcc 1.0.0 40.85 NOTE
r-devel-windows-x86_64 1.0.0 4.00 51.00 55.00 NOTE
r-patched-linux-x86_64 1.0.0 2.52 28.91 31.43 NOTE
r-release-linux-x86_64 1.0.0 2.53 29.13 31.66 NOTE
r-release-macos-arm64 1.0.0 20.00 NOTE
r-release-macos-x86_64 1.0.0 24.00 NOTE
r-release-windows-x86_64 1.0.0 4.00 52.00 56.00 NOTE
r-oldrel-macos-arm64 1.0.0 17.00 NOTE
r-oldrel-macos-x86_64 1.0.0 25.00 NOTE
r-oldrel-windows-x86_64 1.0.0 4.00 50.00 54.00 NOTE

Check Details

Version: 1.0.0
Check: Rd files
Result: NOTE
    checkRd: (-1) Spec_compare_localize_freq.Rd:49: Escaped LaTeX specials: \&
    checkRd: (-1) Spec_compare_localize_freq.Rd:52: Escaped LaTeX specials: \&
Flavors: r-devel-linux-x86_64-debian-clang, r-devel-linux-x86_64-debian-gcc, r-devel-linux-x86_64-fedora-clang, r-devel-linux-x86_64-fedora-gcc, r-devel-windows-x86_64, r-patched-linux-x86_64, r-release-linux-x86_64, r-release-macos-arm64, r-release-macos-x86_64, r-release-windows-x86_64

Version: 1.0.0
Check: LazyData
Result: NOTE
     'LazyData' is specified without a 'data' directory
Flavors: r-devel-linux-x86_64-debian-clang, r-devel-linux-x86_64-debian-gcc, r-devel-linux-x86_64-fedora-clang, r-devel-linux-x86_64-fedora-gcc, r-devel-windows-x86_64, r-patched-linux-x86_64, r-release-linux-x86_64, r-release-macos-arm64, r-release-macos-x86_64, r-release-windows-x86_64, r-oldrel-macos-arm64, r-oldrel-macos-x86_64, r-oldrel-windows-x86_64