Last updated on 2023-06-09 22:58:27 CEST.
Flavor | Version | Tinstall | Tcheck | Ttotal | Status | Flags |
---|---|---|---|---|---|---|
r-devel-linux-x86_64-debian-clang | 1.2 | 11.06 | 85.46 | 96.52 | OK | |
r-devel-linux-x86_64-debian-gcc | 1.2 | 8.91 | 66.35 | 75.26 | OK | |
r-devel-linux-x86_64-fedora-clang | 1.2 | 120.19 | NOTE | |||
r-devel-linux-x86_64-fedora-gcc | 1.2 | 114.28 | NOTE | |||
r-devel-windows-x86_64 | 1.2 | 10.00 | 87.00 | 97.00 | OK | |
r-patched-linux-x86_64 | 1.2 | 10.66 | 82.91 | 93.57 | OK | |
r-release-linux-x86_64 | 1.2 | 7.33 | 83.05 | 90.38 | OK | |
r-release-macos-arm64 | 1.2 | 39.00 | OK | |||
r-release-macos-x86_64 | 1.2 | 62.00 | OK | |||
r-release-windows-x86_64 | 1.2 | 12.00 | 100.00 | 112.00 | OK | |
r-oldrel-macos-arm64 | 1.2 | 38.00 | NOTE | |||
r-oldrel-macos-x86_64 | 1.2 | 61.00 | NOTE | |||
r-oldrel-windows-x86_64 | 1.2 | 13.00 | 100.00 | 113.00 | OK |
Version: 1.2
Check: data for non-ASCII characters
Result: NOTE
Note: found 120 marked UTF-8 strings
Flavors: r-devel-linux-x86_64-fedora-clang, r-devel-linux-x86_64-fedora-gcc, r-oldrel-macos-arm64, r-oldrel-macos-x86_64