CRAN Package Check Results for Package funFEM

Last updated on 2018-10-17 22:51:36 CEST.

Flavor Version Tinstall Tcheck Ttotal Status Flags
r-devel-linux-x86_64-debian-clang 1.1 5.64 61.52 67.16 NOTE
r-devel-linux-x86_64-debian-gcc 1.1 5.02 49.77 54.79 NOTE
r-devel-linux-x86_64-fedora-clang 1.1 77.70 NOTE
r-devel-linux-x86_64-fedora-gcc 1.1 76.08 NOTE
r-devel-windows-ix86+x86_64 1.1 8.00 100.00 108.00 NOTE
r-patched-linux-x86_64 1.1 5.35 51.00 56.35 NOTE
r-patched-solaris-x86 1.1 105.50 NOTE
r-release-linux-x86_64 1.1 4.30 51.63 55.93 NOTE
r-release-windows-ix86+x86_64 1.1 13.00 82.00 95.00 NOTE
r-release-osx-x86_64 1.1 NOTE
r-oldrel-windows-ix86+x86_64 1.1 11.00 68.00 79.00 NOTE
r-oldrel-osx-x86_64 1.1 NOTE

Check Details

Version: 1.1
Check: R code for possible problems
Result: NOTE
    .FunFEM.main: no visible global function definition for ‘kmeans’
    .FunFEM.main: no visible global function definition for ‘rmultinom’
    .FunFEM.main: no visible global function definition for ‘cutree’
    .FunFEM.main: no visible global function definition for ‘hclust’
    .FunFEM.main: no visible global function definition for ‘dist’
    .FunFEM.main: no visible global function definition for ‘par’
    .FunFEM.main: no visible global function definition for ‘plot’
    .mstep: no visible global function definition for ‘cov’
    Undefined global functions or variables:
     cov cutree dist hclust kmeans par plot rmultinom
    Consider adding
     importFrom("graphics", "par", "plot")
     importFrom("stats", "cov", "cutree", "dist", "hclust", "kmeans",
     "rmultinom")
    to your NAMESPACE file.
Flavors: r-devel-linux-x86_64-debian-clang, r-devel-linux-x86_64-debian-gcc, r-devel-linux-x86_64-fedora-clang, r-devel-linux-x86_64-fedora-gcc, r-devel-windows-ix86+x86_64, r-patched-linux-x86_64, r-patched-solaris-x86, r-release-linux-x86_64, r-release-windows-ix86+x86_64, r-release-osx-x86_64, r-oldrel-windows-ix86+x86_64, r-oldrel-osx-x86_64

Version: 1.1
Check: data for non-ASCII characters
Result: NOTE
     Note: found 120 marked UTF-8 strings
Flavors: r-devel-linux-x86_64-fedora-clang, r-devel-linux-x86_64-fedora-gcc, r-patched-solaris-x86, r-release-osx-x86_64, r-oldrel-osx-x86_64