CRAN Package Check Results for Package funHDDC

Last updated on 2018-02-24 22:47:27 CET.

Flavor Version Tinstall Tcheck Ttotal Status Flags
r-devel-linux-x86_64-debian-clang 1.0 3.68 46.92 50.60 NOTE
r-devel-linux-x86_64-debian-gcc 1.0 3.60 37.86 41.46 NOTE
r-devel-linux-x86_64-fedora-clang 1.0 64.49 NOTE
r-devel-linux-x86_64-fedora-gcc 1.0 62.60 NOTE
r-devel-windows-ix86+x86_64 1.0 10.00 74.00 84.00 NOTE
r-patched-linux-x86_64 1.0 3.26 49.39 52.65 NOTE
r-patched-solaris-x86 1.0 104.50 NOTE
r-release-linux-x86_64 1.0 2.99 49.39 52.38 NOTE
r-release-windows-ix86+x86_64 1.0 11.00 82.00 93.00 NOTE
r-release-osx-x86_64 1.0 NOTE
r-oldrel-windows-ix86+x86_64 1.0 6.00 73.00 79.00 NOTE
r-oldrel-osx-x86_64 1.0 NOTE

Check Details

Version: 1.0
Check: R code for possible problems
Result: NOTE
    funHDDC: no visible global function definition for ‘kmeans’
    funHDDC: no visible global function definition for ‘rmultinom’
    funHDDC: no visible global function definition for ‘cutree’
    funHDDC: no visible global function definition for ‘hclust’
    funHDDC: no visible global function definition for ‘dist’
    Undefined global functions or variables:
     cutree dist hclust kmeans rmultinom
    Consider adding
     importFrom("stats", "cutree", "dist", "hclust", "kmeans", "rmultinom")
    to your NAMESPACE file.
Flavors: r-devel-linux-x86_64-debian-clang, r-devel-linux-x86_64-debian-gcc, r-devel-linux-x86_64-fedora-clang, r-devel-linux-x86_64-fedora-gcc, r-devel-windows-ix86+x86_64, r-patched-linux-x86_64, r-patched-solaris-x86, r-release-linux-x86_64, r-release-windows-ix86+x86_64, r-release-osx-x86_64, r-oldrel-windows-ix86+x86_64, r-oldrel-osx-x86_64