Last updated on 2024-04-25 22:49:07 CEST.
Flavor | Version | Tinstall | Tcheck | Ttotal | Status | Flags |
---|---|---|---|---|---|---|
r-devel-linux-x86_64-debian-clang | 0.5.0 | 8.87 | 149.95 | 158.82 | OK | |
r-devel-linux-x86_64-debian-gcc | 0.5.0 | 7.47 | 100.13 | 107.60 | OK | |
r-devel-linux-x86_64-fedora-clang | 0.5.0 | 203.39 | NOTE | |||
r-devel-linux-x86_64-fedora-gcc | 0.5.0 | 198.62 | NOTE | |||
r-devel-windows-x86_64 | 0.5.0 | 11.00 | 121.00 | 132.00 | OK | |
r-patched-linux-x86_64 | 0.5.0 | 13.24 | 130.05 | 143.29 | OK | |
r-release-linux-x86_64 | 0.5.0 | 7.71 | 143.70 | 151.41 | OK | |
r-release-macos-arm64 | 0.5.0 | 63.00 | OK | |||
r-release-windows-x86_64 | 0.5.0 | 9.00 | 121.00 | 130.00 | OK | |
r-oldrel-macos-arm64 | 0.5.0 | 58.00 | OK | |||
r-oldrel-macos-x86_64 | 0.5.0 | 146.00 | OK | |||
r-oldrel-windows-x86_64 | 0.5.0 | 13.00 | 149.00 | 162.00 | OK |
Version: 0.5.0
Check: data for non-ASCII characters
Result: NOTE
Note: found 36 marked UTF-8 strings
Flavors: r-devel-linux-x86_64-fedora-clang, r-devel-linux-x86_64-fedora-gcc