CRAN Package Check Results for Package fuser

Last updated on 2019-08-16 22:48:20 CEST.

Flavor Version Tinstall Tcheck Ttotal Status Flags
r-devel-linux-x86_64-debian-clang 1.0.1 28.82 94.49 123.31 OK
r-devel-linux-x86_64-debian-gcc 1.0.1 24.66 75.64 100.30 OK
r-devel-linux-x86_64-fedora-clang 1.0.1 161.98 OK
r-devel-linux-x86_64-fedora-gcc 1.0.1 161.11 OK
r-devel-windows-ix86+x86_64 1.0.1 79.00 216.00 295.00 OK
r-patched-linux-x86_64 1.0.1 30.36 92.84 123.20 OK
r-patched-solaris-x86 1.0.1 271.40 OK
r-release-linux-x86_64 1.0.1 27.57 93.17 120.74 OK
r-release-windows-ix86+x86_64 1.0.1 72.00 199.00 271.00 OK
r-release-osx-x86_64 1.0.1 NOTE
r-oldrel-windows-ix86+x86_64 1.0.1 68.00 199.00 267.00 OK
r-oldrel-osx-x86_64 1.0.1 NOTE

Check Details

Version: 1.0.1
Check: installed package size
Result: NOTE
     installed size is 5.2Mb
     sub-directories of 1Mb or more:
     libs 4.9Mb
Flavors: r-release-osx-x86_64, r-oldrel-osx-x86_64