CRAN Package Check Results for Package fuser

Last updated on 2019-12-11 22:51:07 CET.

Flavor Version Tinstall Tcheck Ttotal Status Flags
r-devel-linux-x86_64-debian-clang 1.0.1 35.12 100.35 135.47 OK
r-devel-linux-x86_64-debian-gcc 1.0.1 24.04 78.97 103.01 OK
r-devel-linux-x86_64-fedora-clang 1.0.1 171.10 OK
r-devel-linux-x86_64-fedora-gcc 1.0.1 175.91 OK
r-devel-windows-ix86+x86_64 1.0.1 60.00 218.00 278.00 OK
r-devel-windows-ix86+x86_64-gcc8 1.0.1 65.00 226.00 291.00 OK
r-patched-linux-x86_64 1.0.1 27.04 94.87 121.91 OK
r-patched-solaris-x86 1.0.1 270.90 OK
r-release-linux-x86_64 1.0.1 27.89 94.04 121.93 OK
r-release-windows-ix86+x86_64 1.0.1 52.00 160.00 212.00 OK
r-release-osx-x86_64 1.0.1 NOTE
r-oldrel-windows-ix86+x86_64 1.0.1 50.00 163.00 213.00 OK
r-oldrel-osx-x86_64 1.0.1 NOTE

Check Details

Version: 1.0.1
Check: installed package size
Result: NOTE
     installed size is 5.2Mb
     sub-directories of 1Mb or more:
     libs 4.9Mb
Flavors: r-release-osx-x86_64, r-oldrel-osx-x86_64