CRAN Package Check Results for Package gRain

Last updated on 2018-07-17 22:50:39 CEST.

Flavor Version Tinstall Tcheck Ttotal Status Flags
r-devel-linux-x86_64-debian-clang 1.3-0 41.48 104.21 145.69 NOTE
r-devel-linux-x86_64-debian-gcc 1.3-0 35.87 82.24 118.11 NOTE
r-devel-linux-x86_64-fedora-clang 1.3-0 192.46 NOTE
r-devel-linux-x86_64-fedora-gcc 1.3-0 179.34 NOTE
r-devel-windows-ix86+x86_64 1.3-0 113.00 163.00 276.00 OK
r-patched-linux-x86_64 1.3-0 42.90 90.14 133.04 NOTE
r-patched-solaris-x86 1.3-0 217.80 OK
r-release-linux-x86_64 1.3-0 39.67 91.43 131.10 NOTE
r-release-windows-ix86+x86_64 1.3-0 105.00 184.00 289.00 OK
r-release-osx-x86_64 1.3-0 OK
r-oldrel-windows-ix86+x86_64 1.3-0 74.00 200.00 274.00 OK
r-oldrel-osx-x86_64 1.3-0 OK

Check Details

Version: 1.3-0
Check: compiled code
Result: NOTE
    File ‘gRain/libs/gRain.so’:
     Found no calls to: ‘R_registerRoutines’, ‘R_useDynamicSymbols’
    
    It is good practice to register native routines and to disable symbol
    search.
    
    See ‘Writing portable packages’ in the ‘Writing R Extensions’ manual.
Flavors: r-devel-linux-x86_64-debian-clang, r-devel-linux-x86_64-debian-gcc, r-devel-linux-x86_64-fedora-clang, r-devel-linux-x86_64-fedora-gcc, r-patched-linux-x86_64, r-release-linux-x86_64