CRAN Package Check Results for Package gRain

Last updated on 2018-01-17 22:47:13 CET.

Flavor Version Tinstall Tcheck Ttotal Status Flags
r-devel-linux-x86_64-debian-clang 1.3-0 39.07 87.11 126.18 NOTE
r-devel-linux-x86_64-debian-gcc 1.3-0 30.05 67.85 97.90 NOTE
r-devel-linux-x86_64-fedora-clang 1.3-0 156.63 NOTE
r-devel-linux-x86_64-fedora-gcc 1.3-0 164.51 NOTE
r-devel-windows-ix86+x86_64 1.3-0 86.00 123.00 209.00 OK
r-patched-linux-x86_64 1.3-0 38.23 93.34 131.57 NOTE
r-patched-solaris-x86 1.3-0 237.60 OK
r-release-linux-x86_64 1.3-0 39.87 95.41 135.28 NOTE
r-release-windows-ix86+x86_64 1.3-0 86.00 138.00 224.00 OK
r-release-osx-x86_64 1.3-0 OK
r-oldrel-windows-ix86+x86_64 1.3-0 101.00 123.00 224.00 OK
r-oldrel-osx-x86_64 1.3-0 OK

Check Details

Version: 1.3-0
Check: compiled code
Result: NOTE
    File ‘gRain/libs/gRain.so’:
     Found no calls to: ‘R_registerRoutines’, ‘R_useDynamicSymbols’
    
    It is good practice to register native routines and to disable symbol
    search.
    
    See ‘Writing portable packages’ in the ‘Writing R Extensions’ manual.
Flavors: r-devel-linux-x86_64-debian-clang, r-devel-linux-x86_64-debian-gcc, r-devel-linux-x86_64-fedora-clang, r-devel-linux-x86_64-fedora-gcc, r-patched-linux-x86_64, r-release-linux-x86_64