CRAN Package Check Results for Package gRain

Last updated on 2018-10-16 22:56:18 CEST.

Flavor Version Tinstall Tcheck Ttotal Status Flags
r-devel-linux-x86_64-debian-clang 1.3-0 41.16 106.53 147.69 OK
r-devel-linux-x86_64-debian-gcc 1.3-0 37.99 85.86 123.85 OK
r-devel-linux-x86_64-fedora-clang 1.3-0 191.20 NOTE
r-devel-linux-x86_64-fedora-gcc 1.3-0 184.35 NOTE
r-devel-windows-ix86+x86_64 1.3-0 127.00 216.00 343.00 OK
r-patched-linux-x86_64 1.3-0 46.63 90.06 136.69 OK
r-patched-solaris-x86 1.3-0 213.60 OK
r-release-linux-x86_64 1.3-0 52.69 90.34 143.03 OK
r-release-windows-ix86+x86_64 1.3-0 122.00 189.00 311.00 OK
r-release-osx-x86_64 1.3-0 OK
r-oldrel-windows-ix86+x86_64 1.3-0 109.00 210.00 319.00 OK
r-oldrel-osx-x86_64 1.3-0 OK

Check Details

Version: 1.3-0
Check: compiled code
Result: NOTE
    File ‘gRain/libs/gRain.so’:
     Found no calls to: ‘R_registerRoutines’, ‘R_useDynamicSymbols’
    
    It is good practice to register native routines and to disable symbol
    search.
    
    See ‘Writing portable packages’ in the ‘Writing R Extensions’ manual.
Flavors: r-devel-linux-x86_64-fedora-clang, r-devel-linux-x86_64-fedora-gcc