Last updated on 2023-03-24 22:55:10 CET.
Flavor | Version | Tinstall | Tcheck | Ttotal | Status | Flags |
---|---|---|---|---|---|---|
r-devel-linux-x86_64-debian-clang | 0.2.5 | 6.69 | 45.64 | 52.33 | OK | |
r-devel-linux-x86_64-debian-gcc | 0.2.5 | 5.03 | 35.19 | 40.22 | OK | |
r-devel-linux-x86_64-fedora-clang | 0.2.5 | 67.23 | NOTE | |||
r-devel-linux-x86_64-fedora-gcc | 0.2.5 | 60.33 | NOTE | |||
r-patched-linux-x86_64 | 0.2.5 | 6.07 | 60.65 | 66.72 | OK | |
r-release-linux-x86_64 | 0.2.5 | 5.09 | 60.58 | 65.67 | OK | |
r-release-macos-arm64 | 0.2.5 | 29.00 | NOTE | |||
r-release-macos-x86_64 | 0.2.5 | 47.00 | NOTE | |||
r-release-windows-x86_64 | 0.2.5 | 19.00 | 88.00 | 107.00 | OK | |
r-oldrel-macos-arm64 | 0.2.5 | 43.00 | NOTE | |||
r-oldrel-macos-x86_64 | 0.2.5 | 39.00 | NOTE | |||
r-oldrel-windows-ix86+x86_64 | 0.2.5 | 19.00 | 91.00 | 110.00 | OK |
Version: 0.2.5
Check: dependencies in R code
Result: NOTE
Namespaces in Imports field not imported from:
‘gargle’ ‘getProxy’ ‘rappsflyer’ ‘rfacebookstat’ ‘rgoogleads’
‘rmytarget’ ‘rvkstat’ ‘ryandexdirect’ ‘rym’ ‘tidyr’
All declared Imports should be used.
Flavors: r-devel-linux-x86_64-fedora-clang, r-devel-linux-x86_64-fedora-gcc, r-release-macos-arm64, r-release-macos-x86_64, r-oldrel-macos-arm64, r-oldrel-macos-x86_64