CRAN Package Check Results for Package galvanizer

Last updated on 2024-06-13 22:49:28 CEST.

Flavor Version Tinstall Tcheck Ttotal Status Flags
r-devel-linux-x86_64-debian-clang 0.5.3 7.08 63.96 71.04 OK
r-devel-linux-x86_64-debian-gcc 0.5.3 0.39 1.67 2.06 ERROR
r-devel-linux-x86_64-fedora-clang 0.5.3 90.48 OK
r-devel-linux-x86_64-fedora-gcc 0.5.3 83.43 OK
r-devel-windows-x86_64 0.5.3 8.00 72.00 80.00 OK
r-patched-linux-x86_64 0.5.3 7.50 61.60 69.10 OK
r-release-linux-x86_64 0.5.3 5.41 60.23 65.64 OK
r-release-macos-arm64 0.5.3 27.00 OK
r-release-macos-x86_64 0.5.3 41.00 OK
r-release-windows-x86_64 0.5.3 8.00 72.00 80.00 OK
r-oldrel-macos-arm64 0.5.3 27.00 OK
r-oldrel-macos-x86_64 0.5.3 34.00 OK
r-oldrel-windows-x86_64 0.5.3 9.00 81.00 90.00 OK

Check Details

Version: 0.5.3
Check: package dependencies
Result: ERROR Packages required but not available: 'dplyr', 'lubridate', 'tidyjson', 'tibble', 'tidyr', 'tidyselect' Package suggested but not available for checking: ‘testthat’ See section ‘The DESCRIPTION file’ in the ‘Writing R Extensions’ manual. Flavor: r-devel-linux-x86_64-debian-gcc