CRAN Package Check Results for Package gamesGA

Last updated on 2020-07-11 22:50:02 CEST.

Flavor Version Tinstall Tcheck Ttotal Status Flags
r-devel-linux-x86_64-debian-clang 1.1.3.7 3.82 37.46 41.28 OK
r-devel-linux-x86_64-debian-gcc 1.1.3.7 3.75 31.21 34.96 OK
r-devel-linux-x86_64-fedora-gcc 1.1.3.7 51.31 NOTE
r-devel-windows-ix86+x86_64 1.1.3.7 13.00 95.00 108.00 OK
r-patched-linux-x86_64 1.1.3.7 4.36 39.28 43.64 OK
r-patched-solaris-x86 1.1.3.7 83.40 NOTE
r-release-linux-x86_64 1.1.3.7 4.26 38.42 42.68 OK
r-release-macos-x86_64 1.1.3.7 NOTE
r-release-windows-ix86+x86_64 1.1.3.7 20.00 70.00 90.00 OK
r-oldrel-macos-x86_64 1.1.3.7 NOTE
r-oldrel-windows-ix86+x86_64 1.1.3.7 17.00 71.00 88.00 OK

Check Details

Version: 1.1.3.7
Check: dependencies in R code
Result: NOTE
    Namespace in Imports field not imported from: ‘grDevices’
     All declared Imports should be used.
Flavors: r-devel-linux-x86_64-fedora-gcc, r-patched-solaris-x86, r-release-macos-x86_64, r-oldrel-macos-x86_64