CRAN Package Check Results for Package gamesGA

Last updated on 2019-08-21 22:48:39 CEST.

Flavor Version Tinstall Tcheck Ttotal Status Flags
r-devel-linux-x86_64-debian-clang 1.1.3.6 3.84 32.06 35.90 OK
r-devel-linux-x86_64-debian-gcc 1.1.3.6 OK
r-devel-linux-x86_64-fedora-clang 1.1.3.6 45.67 NOTE
r-devel-linux-x86_64-fedora-gcc 1.1.3.6 44.42 NOTE
r-devel-windows-ix86+x86_64 1.1.3.6 19.00 84.00 103.00 OK
r-patched-linux-x86_64 1.1.3.6 3.16 32.49 35.65 OK
r-patched-solaris-x86 1.1.3.6 73.30 NOTE
r-release-linux-x86_64 1.1.3.6 3.52 33.35 36.87 OK
r-release-windows-ix86+x86_64 1.1.3.6 10.00 69.00 79.00 OK
r-release-osx-x86_64 1.1.3.6 NOTE
r-oldrel-windows-ix86+x86_64 1.1.3.6 10.00 81.00 91.00 OK
r-oldrel-osx-x86_64 1.1.3.6 NOTE

Check Details

Version: 1.1.3.6
Check: dependencies in R code
Result: NOTE
    Namespace in Imports field not imported from: ‘grDevices’
     All declared Imports should be used.
Flavors: r-devel-linux-x86_64-fedora-clang, r-devel-linux-x86_64-fedora-gcc, r-patched-solaris-x86, r-release-osx-x86_64, r-oldrel-osx-x86_64