CRAN Package Check Results for Package gamesGA

Last updated on 2019-06-16 22:49:23 CEST.

Flavor Version Tinstall Tcheck Ttotal Status Flags
r-devel-linux-x86_64-debian-clang 1.1.3.6 3.19 32.15 35.34 OK
r-devel-linux-x86_64-debian-gcc 1.1.3.6 2.84 26.11 28.95 OK
r-devel-linux-x86_64-fedora-clang 1.1.3.6 42.60 NOTE
r-devel-linux-x86_64-fedora-gcc 1.1.3.6 41.72 NOTE
r-devel-windows-ix86+x86_64 1.1.3.6 15.00 99.00 114.00 OK
r-patched-linux-x86_64 1.1.3.6 3.33 32.98 36.31 OK
r-patched-solaris-x86 1.1.3.6 72.30 NOTE
r-release-linux-x86_64 1.1.3.6 3.37 32.72 36.09 OK
r-release-windows-ix86+x86_64 1.1.3.6 11.00 85.00 96.00 OK
r-release-osx-x86_64 1.1.3.6 NOTE
r-oldrel-windows-ix86+x86_64 1.1.3.6 8.00 81.00 89.00 OK
r-oldrel-osx-x86_64 1.1.3.6 NOTE

Check Details

Version: 1.1.3.6
Check: dependencies in R code
Result: NOTE
    Namespace in Imports field not imported from: ‘grDevices’
     All declared Imports should be used.
Flavors: r-devel-linux-x86_64-fedora-clang, r-devel-linux-x86_64-fedora-gcc, r-patched-solaris-x86, r-release-osx-x86_64, r-oldrel-osx-x86_64