CRAN Package Check Results for Package gamlss.inf

Last updated on 2024-02-29 22:58:45 CET.

Flavor Version Tinstall Tcheck Ttotal Status Flags
r-devel-linux-x86_64-debian-clang 1.0-1 11.63 107.49 119.12 NOTE
r-devel-linux-x86_64-debian-gcc 1.0-1 10.11 80.25 90.36 NOTE
r-devel-linux-x86_64-fedora-clang 1.0-1 145.54 NOTE
r-devel-linux-x86_64-fedora-gcc 1.0-1 143.32 NOTE
r-devel-windows-x86_64 1.0-1 10.00 113.00 123.00 NOTE --no-vignettes
r-patched-linux-x86_64 1.0-1 13.70 103.48 117.18 OK
r-release-linux-x86_64 1.0-1 12.50 104.47 116.97 OK
r-release-macos-arm64 1.0-1 45.00 OK
r-release-macos-x86_64 1.0-1 77.00 OK
r-release-windows-x86_64 1.0-1 15.00 105.00 120.00 OK --no-vignettes
r-oldrel-macos-arm64 1.0-1 45.00 OK
r-oldrel-windows-x86_64 1.0-1 15.00 98.00 113.00 OK --no-vignettes

Check Details

Version: 1.0-1
Check: Rd files
Result: NOTE checkRd: (-1) term.plotZadj.Rd:6: Lost braces 6 | \ This is a wrapper to function \code{\link[gamlss]{term.plot}}. code{term.plotZadj} produces term plots for a specified parameter from a | ^ Flavors: r-devel-linux-x86_64-debian-clang, r-devel-linux-x86_64-debian-gcc, r-devel-linux-x86_64-fedora-clang, r-devel-linux-x86_64-fedora-gcc

Version: 1.0-1
Flags: --no-vignettes
Check: Rd files
Result: NOTE checkRd: (-1) term.plotZadj.Rd:6: Lost braces 6 | \ This is a wrapper to function \code{\link[gamlss]{term.plot}}. code{term.plotZadj} produces term plots for a specified parameter from a | ^ Flavor: r-devel-windows-x86_64