CRAN Package Check Results for Package ganDataModel

Last updated on 2023-09-23 23:00:46 CEST.

Flavor Version Tinstall Tcheck Ttotal Status Flags
r-devel-linux-x86_64-debian-clang 1.1.4 72.11 77.76 149.87 OK
r-devel-linux-x86_64-debian-gcc 1.1.4 61.58 60.90 122.48 OK
r-devel-linux-x86_64-fedora-clang 1.1.4 210.09 OK
r-devel-linux-x86_64-fedora-gcc 1.1.4 221.09 OK
r-devel-windows-x86_64 1.1.4 60.00 100.00 160.00 OK
r-patched-linux-x86_64 1.1.4 78.65 76.34 154.99 OK
r-release-linux-x86_64 1.1.4 77.65 76.77 154.42 OK
r-release-macos-arm64 1.1.4 55.00 NOTE
r-release-macos-x86_64 1.1.4 140.00 OK
r-release-windows-x86_64 1.1.4 78.00 117.00 195.00 OK
r-oldrel-macos-arm64 1.1.4 63.00 NOTE
r-oldrel-macos-x86_64 1.1.4 76.00 NOTE
r-oldrel-windows-x86_64 1.1.4 75.00 113.00 188.00 OK

Check Details

Version: 1.1.4
Check: installed package size
Result: NOTE
     installed size is 5.2Mb
     sub-directories of 1Mb or more:
     libs 4.6Mb
Flavors: r-release-macos-arm64, r-oldrel-macos-arm64, r-oldrel-macos-x86_64