Last updated on 2023-01-29 23:03:09 CET.
Flavor | Version | Tinstall | Tcheck | Ttotal | Status | Flags |
---|---|---|---|---|---|---|
r-devel-linux-x86_64-debian-clang | 0.9.6-1 | 31.29 | 156.13 | 187.42 | OK | |
r-devel-linux-x86_64-debian-gcc | 0.9.6-1 | 23.21 | 116.28 | 139.49 | OK | |
r-devel-linux-x86_64-fedora-clang | 0.9.6-1 | 239.21 | OK | |||
r-devel-linux-x86_64-fedora-gcc | 0.9.6-1 | 230.30 | OK | |||
r-devel-windows-x86_64 | 0.9.6-1 | 36.00 | 202.00 | 238.00 | OK | |
r-patched-linux-x86_64 | 0.9.6-1 | 27.12 | 148.23 | 175.35 | OK | |
r-release-linux-x86_64 | 0.9.6-1 | 27.08 | 149.26 | 176.34 | OK | |
r-release-macos-arm64 | 0.9.6-1 | 69.00 | NOTE | |||
r-release-macos-x86_64 | 0.9.6-1 | 130.00 | NOTE | |||
r-release-windows-x86_64 | 0.9.6-1 | 37.00 | 195.00 | 232.00 | OK | |
r-oldrel-macos-arm64 | 0.9.6-1 | 71.00 | NOTE | |||
r-oldrel-macos-x86_64 | 0.9.6-1 | 91.00 | NOTE | |||
r-oldrel-windows-ix86+x86_64 | 0.9.6-1 | 74.00 | 254.00 | 328.00 | OK |
Version: 0.9.6-1
Check: package dependencies
Result: NOTE
Package which this enhances but not available for checking: ‘doMPI’
Flavors: r-release-macos-arm64, r-release-macos-x86_64, r-oldrel-macos-arm64, r-oldrel-macos-x86_64