Last updated on 2023-12-10 22:55:58 CET.
Flavor | Version | Tinstall | Tcheck | Ttotal | Status | Flags |
---|---|---|---|---|---|---|
r-devel-linux-x86_64-debian-clang | 1.0.21 | 191.58 | 56.65 | 248.23 | WARN | |
r-devel-linux-x86_64-debian-gcc | 1.0.21 | 121.47 | 46.03 | 167.50 | WARN | |
r-devel-linux-x86_64-fedora-clang | 1.0.21 | 374.74 | WARN | |||
r-devel-linux-x86_64-fedora-gcc | 1.0.21 | 381.52 | WARN | |||
r-devel-windows-x86_64 | 1.0.21 | 136.00 | 97.00 | 233.00 | WARN | |
r-patched-linux-x86_64 | 1.0.21 | 154.45 | 58.53 | 212.98 | OK | |
r-release-linux-x86_64 | 1.0.21 | 160.30 | 58.53 | 218.83 | OK | |
r-release-macos-arm64 | 1.0.21 | 87.00 | OK | |||
r-release-macos-x86_64 | 1.0.21 | 149.00 | OK | |||
r-release-windows-x86_64 | 1.0.21 | 173.00 | 102.00 | 275.00 | OK | |
r-oldrel-macos-arm64 | 1.0.21 | 83.00 | OK | |||
r-oldrel-macos-x86_64 | 1.0.21 | 106.00 | OK | |||
r-oldrel-windows-x86_64 | 1.0.21 | 160.00 | 99.00 | 259.00 | OK |
Version: 1.0.21
Check: whether package can be installed
Result: WARN
Found the following significant warnings:
Logger.cpp:29:14: warning: field precision should have type 'int', but argument has type 'std::streamsize' (aka 'long') [-Wformat]
Logger.cpp:39:15: warning: field precision should have type 'int', but argument has type 'std::streamsize' (aka 'long') [-Wformat]
Logger.cpp:50:20: warning: format specifies type 'char *' but the argument has type 'int *' [-Wformat]
Logger.cpp:62:20: warning: format specifies type 'char *' but the argument has type 'int *' [-Wformat]
Logger.cpp:87:14: warning: field precision should have type 'int', but argument has type 'size_type' (aka 'unsigned long') [-Wformat]
Logger.cpp:96:14: warning: field precision should have type 'int', but argument has type 'size_type' (aka 'unsigned long') [-Wformat]
See ‘/home/hornik/tmp/R.check/r-devel-clang/Work/PKGS/gaselect.Rcheck/00install.out’ for details.
* used C++ compiler: ‘Debian clang version 17.0.5 (1)’
Flavor: r-devel-linux-x86_64-debian-clang
Version: 1.0.21
Check: whether package can be installed
Result: WARN
Found the following significant warnings:
Logger.cpp:29:28: warning: field precision specifier ‘.*’ expects argument of type ‘int’, but argument 2 has type ‘std::streamsize’ {aka ‘long int’} [-Wformat=]
Logger.cpp:39:29: warning: field precision specifier ‘.*’ expects argument of type ‘int’, but argument 2 has type ‘std::streamsize’ {aka ‘long int’} [-Wformat=]
Logger.cpp:50:37: warning: format ‘%s’ expects argument of type ‘char*’, but argument 2 has type ‘int*’ [-Wformat=]
Logger.cpp:62:37: warning: format ‘%s’ expects argument of type ‘char*’, but argument 2 has type ‘int*’ [-Wformat=]
Logger.cpp:87:28: warning: field precision specifier ‘.*’ expects argument of type ‘int’, but argument 2 has type ‘std::__cxx11::basic_string<char>::size_type’ {aka ‘long unsigned int’} [-Wformat=]
Logger.cpp:96:28: warning: field precision specifier ‘.*’ expects argument of type ‘int’, but argument 2 has type ‘std::__cxx11::basic_string<char>::size_type’ {aka ‘long unsigned int’} [-Wformat=]
See ‘/home/hornik/tmp/R.check/r-devel-gcc/Work/PKGS/gaselect.Rcheck/00install.out’ for details.
* used C++ compiler: ‘g++-13 (Debian 13.2.0-7) 13.2.0’
Flavor: r-devel-linux-x86_64-debian-gcc
Version: 1.0.21
Check: whether package can be installed
Result: WARN
Found the following significant warnings:
Logger.cpp:29:14: warning: field precision should have type 'int', but argument has type 'std::streamsize' (aka 'long') [-Wformat]
Logger.cpp:39:15: warning: field precision should have type 'int', but argument has type 'std::streamsize' (aka 'long') [-Wformat]
Logger.cpp:50:20: warning: format specifies type 'char *' but the argument has type 'int *' [-Wformat]
Logger.cpp:62:20: warning: format specifies type 'char *' but the argument has type 'int *' [-Wformat]
Logger.cpp:87:14: warning: field precision should have type 'int', but argument has type 'size_type' (aka 'unsigned long') [-Wformat]
Logger.cpp:96:14: warning: field precision should have type 'int', but argument has type 'size_type' (aka 'unsigned long') [-Wformat]
See ‘/data/gannet/ripley/R/packages/tests-clang/gaselect.Rcheck/00install.out’ for details.
* used C++ compiler: ‘clang version 17.0.5’
Flavor: r-devel-linux-x86_64-fedora-clang
Version: 1.0.21
Check: whether package can be installed
Result: WARN
Found the following significant warnings:
Logger.cpp:29:28: warning: field precision specifier '.*' expects argument of type 'int', but argument 2 has type 'std::streamsize' {aka 'long int'} [-Wformat=]
Logger.cpp:39:29: warning: field precision specifier '.*' expects argument of type 'int', but argument 2 has type 'std::streamsize' {aka 'long int'} [-Wformat=]
Logger.cpp:50:37: warning: format '%s' expects argument of type 'char*', but argument 2 has type 'int*' [-Wformat=]
Logger.cpp:62:37: warning: format '%s' expects argument of type 'char*', but argument 2 has type 'int*' [-Wformat=]
Logger.cpp:87:28: warning: field precision specifier '.*' expects argument of type 'int', but argument 2 has type 'std::__cxx11::basic_string<char>::size_type' {aka 'long unsigned int'} [-Wformat=]
Logger.cpp:96:28: warning: field precision specifier '.*' expects argument of type 'int', but argument 2 has type 'std::__cxx11::basic_string<char>::size_type' {aka 'long unsigned int'} [-Wformat=]
See ‘/data/gannet/ripley/R/packages/tests-devel/gaselect.Rcheck/00install.out’ for details.
* used C++ compiler: ‘g++-13 (GCC) 13.2.0’
Flavor: r-devel-linux-x86_64-fedora-gcc
Version: 1.0.21
Check: whether package can be installed
Result: WARN
Found the following significant warnings:
Logger.cpp:190:20: warning: field precision specifier '.*' expects argument of type 'int', but argument 2 has type 'std::streamsize' {aka 'long long int'} [-Wformat=]
Logger.cpp:196:21: warning: field precision specifier '.*' expects argument of type 'int', but argument 2 has type 'std::streamsize' {aka 'long long int'} [-Wformat=]
Logger.cpp:203:29: warning: format '%s' expects argument of type 'char*', but argument 2 has type 'int*' [-Wformat=]
Logger.cpp:211:30: warning: format '%s' expects argument of type 'char*', but argument 2 has type 'int*' [-Wformat=]
See 'd:/Rcompile/CRANpkg/local/4.4/gaselect.Rcheck/00install.out' for details.
* used C++ compiler: 'g++.exe (GCC) 12.3.0'
Flavor: r-devel-windows-x86_64