Last updated on 2023-11-28 23:04:34 CET.
Flavor | Version | Tinstall | Tcheck | Ttotal | Status | Flags |
---|---|---|---|---|---|---|
r-devel-linux-x86_64-debian-clang | 1.5.9 | 717.50 | 121.12 | 838.62 | NOTE | |
r-devel-linux-x86_64-debian-gcc | 1.5.9 | 545.77 | 110.45 | 656.22 | NOTE | |
r-devel-linux-x86_64-fedora-clang | 1.5.9 | 1351.46 | NOTE | |||
r-devel-linux-x86_64-fedora-gcc | 1.5.9 | 1394.35 | NOTE | |||
r-devel-windows-x86_64 | 1.5.9 | 518.00 | 183.00 | 701.00 | NOTE | |
r-patched-linux-x86_64 | 1.5.9 | 664.44 | 138.08 | 802.52 | NOTE | |
r-release-linux-x86_64 | 1.5.9 | 643.76 | 138.10 | 781.86 | NOTE | |
r-release-macos-arm64 | 1.5.9 | 311.00 | NOTE | |||
r-release-macos-x86_64 | 1.5.9 | 523.00 | NOTE | |||
r-release-windows-x86_64 | 1.5.9 | 691.00 | 205.00 | 896.00 | NOTE | |
r-oldrel-macos-arm64 | 1.5.9 | 284.00 | NOTE | |||
r-oldrel-macos-x86_64 | 1.5.9 | 347.00 | NOTE | |||
r-oldrel-windows-x86_64 | 1.5.9 | 660.00 | 190.00 | 850.00 | NOTE |
Version: 1.5.9
Check: C++ specification
Result: NOTE
Specified C++11: please drop specification unless essential
Flavors: r-devel-linux-x86_64-debian-clang, r-devel-linux-x86_64-debian-gcc, r-devel-linux-x86_64-fedora-clang, r-devel-linux-x86_64-fedora-gcc, r-devel-windows-x86_64, r-patched-linux-x86_64, r-release-linux-x86_64, r-release-macos-arm64, r-release-macos-x86_64, r-release-windows-x86_64
Version: 1.5.9
Check: Rd files
Result: NOTE
checkRd: (-1) logistic.mm.aireml.Rd:33: Lost braces; missing escapes or markup?
33 | {logit P(Y=1|X,omega_1,...,omega_k) = X beta + omega_1 + ... + omega_k}
| ^
Flavors: r-devel-linux-x86_64-debian-clang, r-devel-linux-x86_64-debian-gcc
Version: 1.5.9
Check: installed package size
Result: NOTE
installed size is 5.5Mb
sub-directories of 1Mb or more:
extdata 1.6Mb
libs 1.8Mb
Flavors: r-devel-linux-x86_64-fedora-clang, r-devel-windows-x86_64, r-release-macos-arm64, r-release-macos-x86_64, r-release-windows-x86_64, r-oldrel-macos-arm64, r-oldrel-macos-x86_64, r-oldrel-windows-x86_64
Version: 1.5.9
Check: Rd cross-references
Result: NOTE
Undeclared package ‘RcppEigen’ in Rd xrefs
Flavor: r-devel-linux-x86_64-fedora-clang