CRAN Package Check Results for Package gbfs

Last updated on 2020-01-18 22:48:32 CET.

Flavor Version Tinstall Tcheck Ttotal Status Flags
r-devel-linux-x86_64-debian-clang 1.3.1 3.53 44.78 48.31 OK
r-devel-linux-x86_64-debian-gcc 1.3.1 3.13 35.33 38.46 OK
r-devel-linux-x86_64-fedora-clang 1.3.1 62.35 OK
r-devel-linux-x86_64-fedora-gcc 1.3.1 60.47 OK
r-devel-windows-ix86+x86_64 1.3.1 16.00 73.00 89.00 OK
r-devel-windows-ix86+x86_64-gcc8 1.3.1 11.00 82.00 93.00 OK
r-patched-linux-x86_64 1.3.1 3.36 40.63 43.99 OK
r-patched-solaris-x86 1.3.1 67.20 ERROR
r-release-linux-x86_64 1.3.1 3.10 41.53 44.63 OK
r-release-windows-ix86+x86_64 1.3.1 12.00 75.00 87.00 OK
r-release-osx-x86_64 1.3.1 OK
r-oldrel-windows-ix86+x86_64 1.3.1 8.00 51.00 59.00 OK
r-oldrel-osx-x86_64 1.3.1 OK

Check Details

Version: 1.3.1
Check: tests
Result: ERROR
     Running ‘testthat.R’ [6s/501s]
    Running the tests in ‘tests/testthat.R’ failed.
    Complete output:
     > library(testthat)
     > library(gbfs)
     >
     > test_check("gbfs")
     ── 1. Error: static feeds work (@test-static-feeds.R#10) ──────────────────────
     Timeout was reached: [raw.githubusercontent.com] Connection timed out after 10000 milliseconds
     Backtrace:
     1. gbfs::get_system_alerts("portland")
     2. gbfs:::get_gbfs_dataset_(city, directory, file, output, feed = "system_alerts")
     3. gbfs:::city_to_url(city, feed)
     7. gbfs::get_gbfs_cities()
     8. readr::read_csv(...)
     9. readr:::read_delimited(...)
     10. readr:::datasource_connection(file, skip, skip_empty_rows, comment)
     11. readr:::read_connection(path)
     13. base::open.connection(con, "rb")
    
     ══ testthat results ═══════════════════════════════════════════════════════════
     [ OK: 26 | SKIPPED: 1 | WARNINGS: 0 | FAILED: 1 ]
     1. Error: static feeds work (@test-static-feeds.R#10)
    
     Error: testthat unit tests failed
     Execution halted
Flavor: r-patched-solaris-x86