CRAN Package Check Results for Package gcite

Last updated on 2023-03-21 22:56:07 CET.

Flavor Version Tinstall Tcheck Ttotal Status Flags
r-devel-linux-x86_64-debian-clang 0.10.1 5.10 43.00 48.10 NOTE
r-devel-linux-x86_64-debian-gcc 0.10.1 3.69 33.60 37.29 NOTE
r-devel-linux-x86_64-fedora-clang 0.10.1 60.99 NOTE
r-devel-linux-x86_64-fedora-gcc 0.10.1 57.35 NOTE
r-devel-windows-x86_64 0.10.1 8.00 75.00 83.00 NOTE
r-patched-linux-x86_64 0.10.1 7.68 43.22 50.90 NOTE
r-release-linux-x86_64 0.10.1 4.15 42.85 47.00 NOTE
r-release-macos-arm64 0.10.1 20.00 NOTE
r-release-macos-x86_64 0.10.1 31.00 NOTE
r-release-windows-x86_64 0.10.1 18.00 76.00 94.00 NOTE
r-oldrel-macos-arm64 0.10.1 23.00 NOTE
r-oldrel-macos-x86_64 0.10.1 31.00 NOTE
r-oldrel-windows-ix86+x86_64 0.10.1 12.00 71.00 83.00 NOTE

Check Details

Version: 0.10.1
Check: LazyData
Result: NOTE
     'LazyData' is specified without a 'data' directory
Flavors: r-devel-linux-x86_64-debian-clang, r-devel-linux-x86_64-debian-gcc, r-devel-linux-x86_64-fedora-clang, r-devel-linux-x86_64-fedora-gcc, r-devel-windows-x86_64, r-patched-linux-x86_64, r-release-linux-x86_64, r-release-macos-arm64, r-release-macos-x86_64, r-release-windows-x86_64, r-oldrel-macos-arm64, r-oldrel-macos-x86_64, r-oldrel-windows-ix86+x86_64