CRAN Package Check Results for Package geex

Last updated on 2021-04-12 22:51:02 CEST.

Flavor Version Tinstall Tcheck Ttotal Status Flags
r-devel-linux-x86_64-debian-clang 1.0.12 5.14 318.13 323.27 OK
r-devel-linux-x86_64-debian-gcc 1.0.12 3.61 221.87 225.48 OK
r-devel-linux-x86_64-fedora-clang 1.0.12 371.79 NOTE
r-devel-linux-x86_64-fedora-gcc 1.0.12 358.39 NOTE
r-devel-windows-ix86+x86_64 1.0.12 12.00 367.00 379.00 OK
r-devel-windows-x86_64-gcc10-UCRT 1.0.12 NOTE
r-patched-linux-x86_64 1.0.12 5.16 302.72 307.88 OK
r-patched-solaris-x86 1.0.12 421.70 NOTE
r-release-linux-x86_64 1.0.12 4.99 305.60 310.59 OK
r-release-macos-x86_64 1.0.12 NOTE
r-release-windows-ix86+x86_64 1.0.12 8.00 409.00 417.00 OK
r-oldrel-macos-x86_64 1.0.12 NOTE
r-oldrel-windows-ix86+x86_64 1.0.12 11.00 269.00 280.00 OK

Check Details

Version: 1.0.12
Check: dependencies in R code
Result: NOTE
    Namespace in Imports field not imported from: ‘rootSolve’
     All declared Imports should be used.
Flavors: r-devel-linux-x86_64-fedora-clang, r-devel-linux-x86_64-fedora-gcc, r-devel-windows-x86_64-gcc10-UCRT, r-patched-solaris-x86, r-release-macos-x86_64, r-oldrel-macos-x86_64