CRAN Package Check Results for Package gender

Last updated on 2023-10-01 23:03:46 CEST.

Flavor Version Tinstall Tcheck Ttotal Status Flags
r-devel-linux-x86_64-debian-clang 0.6.0 5.52 50.57 56.09 NOTE
r-devel-linux-x86_64-debian-gcc 0.6.0 4.05 37.92 41.97 NOTE
r-devel-linux-x86_64-fedora-clang 0.6.0 68.51 NOTE
r-devel-linux-x86_64-fedora-gcc 0.6.0 78.07 NOTE
r-devel-windows-x86_64 0.6.0 6.00 58.00 64.00 NOTE
r-patched-linux-x86_64 0.6.0 5.54 47.95 53.49 NOTE
r-release-linux-x86_64 0.6.0 4.32 48.38 52.70 NOTE
r-release-macos-arm64 0.6.0 31.00 NOTE
r-release-macos-x86_64 0.6.0 44.00 NOTE
r-release-windows-x86_64 0.6.0 7.00 62.00 69.00 NOTE
r-oldrel-macos-arm64 0.6.0 25.00 NOTE
r-oldrel-macos-x86_64 0.6.0 48.00 NOTE
r-oldrel-windows-x86_64 0.6.0 9.00 68.00 77.00 NOTE

Check Details

Version: 0.6.0
Check: package dependencies
Result: NOTE
    Package suggested but not available for checking: ‘genderdata’
Flavors: r-devel-linux-x86_64-debian-clang, r-devel-linux-x86_64-debian-gcc, r-devel-linux-x86_64-fedora-clang, r-devel-linux-x86_64-fedora-gcc, r-devel-windows-x86_64, r-patched-linux-x86_64, r-release-linux-x86_64, r-release-macos-arm64, r-release-macos-x86_64, r-release-windows-x86_64, r-oldrel-macos-arm64, r-oldrel-macos-x86_64, r-oldrel-windows-x86_64