Last updated on 2024-04-17 22:59:53 CEST.
Flavor | Version | Tinstall | Tcheck | Ttotal | Status | Flags |
---|---|---|---|---|---|---|
r-devel-linux-x86_64-debian-clang | 1.1.2 | 40.48 | 60.01 | 100.49 | OK | |
r-devel-linux-x86_64-debian-gcc | 1.1.2 | 28.37 | 43.88 | 72.25 | OK | |
r-devel-linux-x86_64-fedora-clang | 1.1.2 | 136.36 | OK | |||
r-devel-linux-x86_64-fedora-gcc | 1.1.2 | 153.37 | OK | |||
r-prerel-macos-arm64 | 1.1.2 | 48.00 | OK | |||
r-prerel-windows-x86_64 | 1.1.2 | 34.00 | 90.00 | 124.00 | OK | |
r-patched-linux-x86_64 | 1.1.2 | 38.94 | 56.29 | 95.23 | OK | |
r-release-linux-x86_64 | 1.1.2 | 26.57 | 53.91 | 80.48 | OK | |
r-release-macos-arm64 | 1.1.2 | 43.00 | NOTE | |||
r-release-macos-x86_64 | 1.1.2 | 73.00 | OK | |||
r-release-windows-x86_64 | 1.1.2 | 40.00 | 104.00 | 144.00 | OK | |
r-oldrel-macos-arm64 | 1.1.2 | 44.00 | OK | |||
r-oldrel-windows-x86_64 | 1.1.2 | 38.00 | 99.00 | 137.00 | OK |
Version: 1.1.2
Check: package dependencies
Result: NOTE
Package suggested but not available for checking: ‘snpStats’
Flavor: r-release-macos-arm64