CRAN Package Check Results for Package genogeographer

Last updated on 2019-09-14 22:48:26 CEST.

Flavor Version Tinstall Tcheck Ttotal Status Flags
r-devel-linux-x86_64-debian-clang 0.1.8 7.54 54.29 61.83 ERROR
r-devel-linux-x86_64-debian-gcc 0.1.8 7.08 42.47 49.55 ERROR
r-devel-linux-x86_64-fedora-clang 0.1.8 73.78 ERROR
r-devel-linux-x86_64-fedora-gcc 0.1.8 70.69 ERROR
r-devel-windows-ix86+x86_64 0.1.8 32.00 71.00 103.00 OK
r-patched-linux-x86_64 0.1.8 8.38 52.82 61.20 ERROR
r-patched-solaris-x86 0.1.8 109.80 ERROR
r-release-linux-x86_64 0.1.8 8.47 53.14 61.61 ERROR
r-release-windows-ix86+x86_64 0.1.8 15.00 66.00 81.00 OK
r-release-osx-x86_64 0.1.8 OK
r-oldrel-windows-ix86+x86_64 0.1.8 18.00 105.00 123.00 ERROR
r-oldrel-osx-x86_64 0.1.8 OK

Check Details

Version: 0.1.8
Check: examples
Result: ERROR
    Running examples in 'genogeographer-Ex.R' failed
    The error most likely occurred in:
    
    > base::assign(".ptime", proc.time(), pos = "CheckExEnv")
    > ### Name: LR_table
    > ### Title: Compute pairwise likelihood ratios
    > ### Aliases: LR_table
    >
    > ### ** Examples
    >
    > df_ <- simulate_pops(pop_n = 4, aims_n = 50)
    > df_db <- pops_to_DB(df_)
    Warning: `.key` is deprecated
    > profile <- random_AIMs_profile(df_db, keep_pop = TRUE)
    Warning: `cols` is now required.
    Please use `cols = c(population_data)`
    Adding missing grouping variables: `population`
    Adding missing grouping variables: `population`
    Adding missing grouping variables: `population.x`
    Error: Column `x0` must be length 50 (the group size) or one, not 200
    Execution halted
Flavors: r-devel-linux-x86_64-debian-clang, r-devel-linux-x86_64-debian-gcc, r-patched-linux-x86_64, r-release-linux-x86_64

Version: 0.1.8
Check: examples
Result: ERROR
    Running examples in ‘genogeographer-Ex.R’ failed
    The error most likely occurred in:
    
    > ### Name: LR_table
    > ### Title: Compute pairwise likelihood ratios
    > ### Aliases: LR_table
    >
    > ### ** Examples
    >
    > df_ <- simulate_pops(pop_n = 4, aims_n = 50)
    > df_db <- pops_to_DB(df_)
    Warning: `.key` is deprecated
    > profile <- random_AIMs_profile(df_db, keep_pop = TRUE)
    Warning: `cols` is now required.
    Please use `cols = c(population_data)`
    Adding missing grouping variables: `population`
    Adding missing grouping variables: `population`
    Adding missing grouping variables: `population.x`
    Error: Column `x0` must be length 50 (the group size) or one, not 200
    Execution halted
Flavors: r-devel-linux-x86_64-fedora-clang, r-devel-linux-x86_64-fedora-gcc, r-patched-solaris-x86, r-oldrel-windows-ix86+x86_64