Last updated on 2024-04-17 22:59:53 CEST.
Flavor | Version | Tinstall | Tcheck | Ttotal | Status | Flags |
---|---|---|---|---|---|---|
r-devel-linux-x86_64-debian-clang | 1.7 | 17.75 | 189.64 | 207.39 | OK | |
r-devel-linux-x86_64-debian-gcc | 1.7 | 16.86 | 138.69 | 155.55 | OK | |
r-devel-linux-x86_64-fedora-clang | 1.7 | 263.02 | OK | |||
r-devel-linux-x86_64-fedora-gcc | 1.7 | 250.15 | OK | |||
r-prerel-macos-arm64 | 1.7 | 16.00 | ERROR | |||
r-prerel-macos-x86_64 | 1.7 | 156.00 | OK | |||
r-prerel-windows-x86_64 | 1.7 | 16.00 | 144.00 | 160.00 | OK | |
r-patched-linux-x86_64 | 1.7 | 19.54 | 180.71 | 200.25 | OK | |
r-release-linux-x86_64 | 1.7 | 15.06 | 192.25 | 207.31 | OK | |
r-release-macos-arm64 | 1.7 | 21.00 | ERROR | |||
r-release-macos-x86_64 | 1.7 | 7.00 | ERROR | |||
r-release-windows-x86_64 | 1.7 | 17.00 | 179.00 | 196.00 | OK | |
r-oldrel-macos-arm64 | 1.7 | 68.00 | OK | |||
r-oldrel-windows-x86_64 | 1.7 | 23.00 | 186.00 | 209.00 | OK |
Version: 1.7
Check: package dependencies
Result: ERROR
Package required but not available: ‘reactome.db’
See section ‘The DESCRIPTION file’ in the ‘Writing R Extensions’
manual.
Flavors: r-prerel-macos-arm64, r-release-macos-arm64, r-release-macos-x86_64