CRAN Package Check Results for Package genotypeR

Last updated on 2019-06-15 22:58:41 CEST.

Flavor Version Tinstall Tcheck Ttotal Status Flags
r-devel-linux-x86_64-debian-clang 0.0.1.8 8.51 81.48 89.99 NOTE
r-devel-linux-x86_64-debian-gcc 0.0.1.8 7.72 63.51 71.23 NOTE
r-devel-linux-x86_64-fedora-clang 0.0.1.8 104.72 NOTE
r-devel-linux-x86_64-fedora-gcc 0.0.1.8 101.03 NOTE
r-devel-windows-ix86+x86_64 0.0.1.8 27.00 128.00 155.00 OK
r-patched-linux-x86_64 0.0.1.8 7.51 78.83 86.34 OK
r-patched-solaris-x86 0.0.1.8 165.90 NOTE
r-release-linux-x86_64 0.0.1.8 8.84 78.99 87.83 OK
r-release-windows-ix86+x86_64 0.0.1.8 20.00 120.00 140.00 OK
r-release-osx-x86_64 0.0.1.8 NOTE
r-oldrel-windows-ix86+x86_64 0.0.1.8 11.00 120.00 131.00 OK
r-oldrel-osx-x86_64 0.0.1.8 NOTE

Check Details

Version: 0.0.1.8
Check: for non-standard things in the check directory
Result: NOTE
    Found the following files/directories:
     'test.csv' 'test_temp_cross.csv'
Flavors: r-devel-linux-x86_64-debian-clang, r-devel-linux-x86_64-debian-gcc, r-devel-linux-x86_64-fedora-clang, r-devel-linux-x86_64-fedora-gcc

Version: 0.0.1.8
Check: dependencies in R code
Result: NOTE
    Namespace in Imports field not imported from: ‘colorspace’
     All declared Imports should be used.
Flavors: r-devel-linux-x86_64-fedora-clang, r-devel-linux-x86_64-fedora-gcc, r-patched-solaris-x86, r-release-osx-x86_64, r-oldrel-osx-x86_64