CRAN Package Check Results for Package genotypeR

Last updated on 2019-08-17 22:46:27 CEST.

Flavor Version Tinstall Tcheck Ttotal Status Flags
r-devel-linux-x86_64-debian-clang 0.0.1.8 8.52 81.09 89.61 NOTE
r-devel-linux-x86_64-debian-gcc 0.0.1.8 7.84 63.10 70.94 NOTE
r-devel-linux-x86_64-fedora-clang 0.0.1.8 108.02 NOTE
r-devel-linux-x86_64-fedora-gcc 0.0.1.8 102.80 NOTE
r-devel-windows-ix86+x86_64 0.0.1.8 26.00 127.00 153.00 NOTE
r-patched-linux-x86_64 0.0.1.8 7.86 78.42 86.28 OK
r-patched-solaris-x86 0.0.1.8 169.70 NOTE
r-release-linux-x86_64 0.0.1.8 9.09 78.01 87.10 OK
r-release-windows-ix86+x86_64 0.0.1.8 28.00 124.00 152.00 OK
r-release-osx-x86_64 0.0.1.8 NOTE
r-oldrel-windows-ix86+x86_64 0.0.1.8 16.00 123.00 139.00 OK
r-oldrel-osx-x86_64 0.0.1.8 NOTE

Check Details

Version: 0.0.1.8
Check: package vignettes
Result: NOTE
    Package vignette with placeholder title 'Vignette Title':
     'genotypeR.Rmd'
Flavors: r-devel-linux-x86_64-debian-clang, r-devel-linux-x86_64-debian-gcc, r-devel-windows-ix86+x86_64

Version: 0.0.1.8
Check: for non-standard things in the check directory
Result: NOTE
    Found the following files/directories:
     'test.csv' 'test_temp_cross.csv'
Flavors: r-devel-linux-x86_64-debian-clang, r-devel-linux-x86_64-debian-gcc, r-devel-linux-x86_64-fedora-clang, r-devel-linux-x86_64-fedora-gcc

Version: 0.0.1.8
Check: dependencies in R code
Result: NOTE
    Namespace in Imports field not imported from: ‘colorspace’
     All declared Imports should be used.
Flavors: r-devel-linux-x86_64-fedora-clang, r-devel-linux-x86_64-fedora-gcc, r-patched-solaris-x86, r-release-osx-x86_64, r-oldrel-osx-x86_64