CRAN Package Check Results for Package genotypeR

Last updated on 2020-07-11 22:50:02 CEST.

Flavor Version Tinstall Tcheck Ttotal Status Flags
r-devel-linux-x86_64-debian-clang 0.0.1.8 10.72 99.80 110.52 NOTE
r-devel-linux-x86_64-debian-gcc 0.0.1.8 9.72 76.32 86.04 NOTE
r-devel-linux-x86_64-fedora-gcc 0.0.1.8 132.16 NOTE
r-devel-windows-ix86+x86_64 0.0.1.8 25.00 114.00 139.00 NOTE
r-patched-linux-x86_64 0.0.1.8 9.94 95.69 105.63 NOTE
r-patched-solaris-x86 0.0.1.8 200.90 NOTE
r-release-linux-x86_64 0.0.1.8 11.63 96.26 107.89 NOTE
r-release-macos-x86_64 0.0.1.8 NOTE
r-release-windows-ix86+x86_64 0.0.1.8 32.00 153.00 185.00 NOTE
r-oldrel-macos-x86_64 0.0.1.8 NOTE
r-oldrel-windows-ix86+x86_64 0.0.1.8 25.00 99.00 124.00 OK

Check Details

Version: 0.0.1.8
Check: package vignettes
Result: NOTE
    Package vignette with placeholder title 'Vignette Title':
     'genotypeR.Rmd'
Flavors: r-devel-linux-x86_64-debian-clang, r-devel-linux-x86_64-debian-gcc, r-devel-windows-ix86+x86_64, r-patched-linux-x86_64, r-release-linux-x86_64, r-release-windows-ix86+x86_64

Version: 0.0.1.8
Check: for non-standard things in the check directory
Result: NOTE
    Found the following files/directories:
     'test.csv' 'test_temp_cross.csv'
Flavors: r-devel-linux-x86_64-debian-clang, r-devel-linux-x86_64-debian-gcc, r-devel-linux-x86_64-fedora-gcc, r-patched-linux-x86_64, r-patched-solaris-x86, r-release-linux-x86_64

Version: 0.0.1.8
Check: dependencies in R code
Result: NOTE
    Namespace in Imports field not imported from: ‘colorspace’
     All declared Imports should be used.
Flavors: r-devel-linux-x86_64-fedora-gcc, r-patched-solaris-x86, r-release-macos-x86_64, r-oldrel-macos-x86_64