CRAN Package Check Results for Package gensphere

Last updated on 2019-10-16 22:55:58 CEST.

Flavor Version Tinstall Tcheck Ttotal Status Flags
r-devel-linux-x86_64-debian-clang 1.1 4.28 34.69 38.97 OK
r-devel-linux-x86_64-debian-gcc 1.1 3.54 27.56 31.10 OK
r-devel-linux-x86_64-fedora-clang 1.1 46.60 OK
r-devel-linux-x86_64-fedora-gcc 1.1 45.47 OK
r-devel-windows-ix86+x86_64 1.1 25.00 53.00 78.00 OK
r-patched-linux-x86_64 1.1 3.82 34.12 37.94 OK
r-patched-solaris-x86 1.1 74.60 OK
r-release-linux-x86_64 1.1 3.53 33.61 37.14 OK
r-release-windows-ix86+x86_64 1.1 12.00 74.00 86.00 OK
r-release-osx-x86_64 1.1 WARN
r-oldrel-windows-ix86+x86_64 1.1 5.00 53.00 58.00 OK
r-oldrel-osx-x86_64 1.1 OK

Check Details

Version: 1.1
Check: whether package can be installed
Result: WARN
    Found the following significant warnings:
     Warning: 'rgl_init' failed, running with rgl.useNULL = TRUE
Flavor: r-release-osx-x86_64