CRAN Package Check Results for Package gensphere

Last updated on 2019-07-16 07:50:46 CEST.

Flavor Version Tinstall Tcheck Ttotal Status Flags
r-devel-linux-x86_64-debian-clang 1.1 3.67 33.43 37.10 OK
r-devel-linux-x86_64-debian-gcc 1.1 2.93 27.68 30.61 OK
r-devel-linux-x86_64-fedora-clang 1.1 46.39 OK
r-devel-linux-x86_64-fedora-gcc 1.1 45.13 OK
r-devel-windows-ix86+x86_64 1.1 24.00 95.00 119.00 OK
r-patched-linux-x86_64 1.1 3.95 33.79 37.74 OK
r-patched-solaris-x86 1.1 75.50 OK
r-release-linux-x86_64 1.1 4.21 33.72 37.93 OK
r-release-windows-ix86+x86_64 1.1 2.00 5.00 7.00 ERROR
r-release-osx-x86_64 1.1 WARN
r-oldrel-windows-ix86+x86_64 1.1 13.00 50.00 63.00 OK
r-oldrel-osx-x86_64 1.1 OK

Check Details

Version: 1.1
Check: whether package can be installed
Result: ERROR
    Installation failed.
Flavor: r-release-windows-ix86+x86_64

Version: 1.1
Check: whether package can be installed
Result: WARN
    Found the following significant warnings:
     Warning: 'rgl_init' failed, running with rgl.useNULL = TRUE
Flavor: r-release-osx-x86_64