CRAN Package Check Results for Package geoRglm

Last updated on 2018-12-11 21:48:48 CET.

Flavor Version Tinstall Tcheck Ttotal Status Flags
r-devel-linux-x86_64-debian-clang 0.9-11 15.78 97.25 113.03 OK
r-devel-linux-x86_64-debian-gcc 0.9-11 11.15 73.29 84.44 OK
r-devel-linux-x86_64-fedora-clang 0.9-11 124.95 OK
r-devel-linux-x86_64-fedora-gcc 0.9-11 124.79 OK
r-devel-windows-ix86+x86_64 0.9-11 25.00 122.00 147.00 OK
r-patched-linux-x86_64 0.9-11 11.99 89.46 101.45 OK
r-patched-solaris-x86 0.9-11 194.50 OK
r-release-linux-x86_64 0.9-11 9.92 90.43 100.35 OK
r-release-windows-ix86+x86_64 0.9-11 26.00 114.00 140.00 OK
r-release-osx-x86_64 0.9-11 OK
r-oldrel-windows-ix86+x86_64 0.9-11 15.00 168.00 183.00 OK
r-oldrel-osx-x86_64 0.9-11 NOTE

Check Details

Version: 0.9-11
Check: re-building of vignette outputs
Result: NOTE
    Error in re-building vignettes:
     ...
    A Package for Generalised Linear Spatial Models
    
    
    geoRglm version 0.9-11 (2017-10-17) is now loaded
    
    -----------------------------------------------------------
    
    
    
    Error in texi2dvi(file = file, pdf = TRUE, clean = clean, quiet = quiet, :
     Running 'texi2dvi' on 'geoRglmintro.tex' failed.
    LaTeX errors:
    ! LaTeX Error: File `texnames.sty' not found.
    
    Type X to quit or <RETURN> to proceed,
    or enter new name. (Default extension: sty)
    
    ! Emergency stop.
    <read *>
    
    l.31 ^^M
    
    ! ==> Fatal error occurred, no output PDF file produced!
    Calls: buildVignettes -> texi2pdf -> texi2dvi
    Execution halted
Flavor: r-oldrel-osx-x86_64