CRAN Package Check Results for Package geoRglm

Last updated on 2017-11-20 22:53:17 CET.

Flavor Version Tinstall Tcheck Ttotal Status Flags
r-devel-linux-x86_64-debian-clang 0.9-11 4.40 67.64 72.03 OK
r-devel-linux-x86_64-debian-gcc 0.9-11 5.55 150.52 156.07 OK
r-devel-linux-x86_64-fedora-clang 0.9-11 118.09 OK
r-devel-linux-x86_64-fedora-gcc 0.9-11 161.28 OK
r-devel-windows-ix86+x86_64 0.9-11 21.00 129.00 150.00 OK
r-patched-linux-x86_64 0.9-11 4.54 70.50 75.04 OK
r-patched-solaris-x86 0.9-11 170.00 OK
r-release-linux-x86_64 0.9-11 4.55 70.15 74.70 OK
r-release-windows-ix86+x86_64 0.9-11 17.00 170.00 187.00 OK
r-release-osx-x86_64 0.9-11 NOTE
r-oldrel-windows-ix86+x86_64 0.9-11 15.00 136.00 151.00 OK
r-oldrel-osx-x86_64 0.9-11 OK

Check Details

Version: 0.9-11
Check: re-building of vignette outputs
Result: NOTE
    Error in re-building vignettes:
     ...
    A Package for Generalised Linear Spatial Models
    
    
    geoRglm version 0.9-11 (2017-10-17) is now loaded
    
    -----------------------------------------------------------
    
    
    
    Error in texi2dvi(file = file, pdf = TRUE, clean = clean, quiet = quiet, :
     Running 'texi2dvi' on 'geoRglmintro.tex' failed.
    LaTeX errors:
    ! LaTeX Error: File `texnames.sty' not found.
    
    Type X to quit or <RETURN> to proceed,
    or enter new name. (Default extension: sty)
    
    ! Emergency stop.
    <read *>
    
    l.31 ^^M
    
    ! ==> Fatal error occurred, no output PDF file produced!
    Calls: buildVignettes -> texi2pdf -> texi2dvi
    Execution halted
Flavor: r-release-osx-x86_64